{"id":145,"date":"2014-03-23T03:47:29","date_gmt":"2014-03-23T01:47:29","guid":{"rendered":"http:\/\/hundeschule-teamwork.com\/angebote\/?page_id=145"},"modified":"2023-01-03T21:23:56","modified_gmt":"2023-01-03T19:23:56","slug":"tipps-und-regeln","status":"publish","type":"page","link":"https:\/\/hundeschule-teamwork.com\/angebote\/info\/tipps-und-regeln\/","title":{"rendered":"Tipps und Regeln"},"content":{"rendered":"<p>1.) Ab 2 Stunden vor dem Gruppentraining sollte der Hund nicht mehr gef\u00fcttert werden, da es sonst durch das Spiel mit den anderen Hunden zu einer Magendrehung kommen kann. Besonders gef\u00e4hrdet sind ganz junge sowie \u00e4ltere Hunde.<\/p>\n<p>2.) Gehen Sie mit Ihrem Hund vor dem Losfahren noch eine kleine Runde spazieren, damit er ein bisschen Bewegung hat, sich l\u00f6sen und ein wenig schn\u00fcffeln kann.<\/p>\n<p>3.) Brechen Sie in Ruhe und ohne Hektik auf, da sich die Hektik schnell auf den Hund \u00fcbertr\u00e4gt (d.h., es ist ratsam, die Sachen, die man mitnehmen m\u00f6chte, vorher in Ruhe zu packen).<\/p>\n<p>4.) Wenn Sie angekommen sind, k\u00f6nnen Sie Ihren Hund &#8211; bitte angeleint &#8211; aus dem Auto lassen und ein wenig auf dem Waldweg laufen.<\/p>\n<p>5.) Bitte warten Sie mit Ihrem angeleinten Hund nicht direkt vor dem Trainingsgel\u00e4nde, sondern halten Sie den Raum vor dem Eingangst\u00f6rchen frei, damit erst die Hunde der vorherigen Gruppe in Ruhe den Bereich verlassen k\u00f6nnen.<\/p>\n<p>6.) Bitte vermeiden Sie vor Beginn und nach Beendigung des Trainings Leinenkontakt mit anderen Hunden. In einer Wartesituation oder auch auf engem Raum kann es zwischen angeleinten Hunden (auch wenn sie sich bereits kennen) zu Konflikten kommen. Wir wollen das Training &#8211; und dazu geh\u00f6rt auch das Ankommen und Verlassen des Trainingsgel\u00e4ndes &#8211; so entspannt wie m\u00f6glich gestalten.<\/p>\n<p>7.) Bitte f\u00fcttern Sie keine fremden Hunde, es sei denn, es ist zu Trainingszwecken erforderlich (das besprechen wir dann vorher).<\/p>\n<p>8.) F\u00fcr Welpengruppen-Kunden: bitte lassen Sie die neuen Welpen mit ihren Besitzern erst in Ruhe das Trainingsgel\u00e4nde erkunden und betreten Sie im Zweifel das Trainingsgel\u00e4nde erst, wenn ich von der vorherigen Kursbetreuung aus der Stadt selbst wieder auf dem Trainingsgel\u00e4nde bin.<\/p>\n<p>9.) Bitte behandeln Sie die Ger\u00e4te und Spielsachen der Hundeschule pfleglich. Dazu geh\u00f6ren z.B. Tunnel, H\u00fcrden, Steg, Wippe, Pylonen, Hooper-B\u00f6gen, Intelligenz-Strategie-Spiele. Bitte achten Sie darauf, dass Ihre Kinder nicht \u00fcber den Steg oder \u00fcber die Wippe balancieren, denn es sind Ger\u00e4te f\u00fcr Hunde und halten Zweibeinern m\u00f6glichweise nicht stand (\u00fcber die flach liegenden Birkenst\u00e4mme d\u00fcrfen Kinder nat\u00fcrlich gern balancieren, auch mal durch den Tunnel krabbeln, wenn dieser gerade nicht von einem Hunde zur Benutzung gebraucht wird oder auch mal \u00fcber eine flache H\u00fcrde springen (Achtung: DR\u00dcBER springen, nicht drauf, da sonst vielleicht die Stange brechen kann). Achten Sie bitte darauf, dass Ihr Hund z.B. keine Pylonen apportiert (dann sieht man die Zahnabdr\u00fccke sp\u00e4ter und sie k\u00f6nnen kaputtgehen). Bitte beobachten Sie Ihren Hund beim L\u00f6sen von Intelligenz-Strategie-Spielen: Sollte er zu wild und zu sehr unter Einsatz seiner Z\u00e4hne das Spiel l\u00f6sen wollen, nehmen Sie das Spiel bitte zun\u00e4chst wieder weg, streuen ihm anstattdessen (zur Fortsetzung seiner Schn\u00fcffel-Aufgabe) einige Leckerlis auf den Waldboden (oder auf seine Decke, falls er gerade auf seiner Decke ist). Gern k\u00f6nnen Sie beim n\u00e4chsten Training das Spiel erneut versuchen und dem Hund zus\u00e4tzlich zu den Leckerlis, die man ihm in die Spiel-F\u00e4cher versteckt, einige Leckerlis lose auf und um das Spiel herum legen. Dadurch lernt der Hund, dass nicht Wildheit im Umgang mit dem Spiel ihn zum Erfolg f\u00fchrt, sondern m\u00f6glichst ruhiges und strategisches Schnuppern. P\u00e4ckchen aus Pappe (oder Eierkartons) d\u00fcrfen gern auch &#8222;zerpfl\u00fcckt&#8220; werden. Falls trotz der Bitten ein Hund oder Mensch ein Ger\u00e4t besch\u00e4digt &#8211; und das k\u00f6nnte passieren, das ist menschlich bzw. h\u00fcndisch, wenn der Mensch in dem Moment nicht auf seinen Hund achtet &#8211; oder ganz kapputt macht, bitten wir um Ersatz (entweder das Ger\u00e4t neu besorgen oder finanziellen Ausgleich, damit ich es wieder besorgen kann).<\/p>\n<p><strong>Vielen Dank!<\/strong><\/p>","protected":false},"excerpt":{"rendered":"<p>1.) Ab 2 Stunden vor dem Gruppentraining sollte der Hund nicht mehr gef\u00fcttert werden, da es sonst durch das Spiel mit den anderen Hunden zu einer Magendrehung kommen kann. Besonders gef\u00e4hrdet sind ganz junge sowie \u00e4ltere Hunde. 2.) Gehen Sie &hellip; <a href=\"https:\/\/hundeschule-teamwork.com\/angebote\/info\/tipps-und-regeln\/\">Weiterlesen <span class=\"meta-nav\">&rarr;<\/span><\/a><\/p>\n","protected":false},"author":1,"featured_media":0,"parent":27,"menu_order":1,"comment_status":"closed","ping_status":"closed","template":"","meta":{"ngg_post_thumbnail":0,"footnotes":""},"class_list":["post-145","page","type-page","status-publish","hentry"],"_links":{"self":[{"href":"https:\/\/hundeschule-teamwork.com\/angebote\/wp-json\/wp\/v2\/pages\/145","targetHints":{"allow":["GET"]}}],"collection":[{"href":"https:\/\/hundeschule-teamwork.com\/angebote\/wp-json\/wp\/v2\/pages"}],"about":[{"href":"https:\/\/hundeschule-teamwork.com\/angebote\/wp-json\/wp\/v2\/types\/page"}],"author":[{"embeddable":true,"href":"https:\/\/hundeschule-teamwork.com\/angebote\/wp-json\/wp\/v2\/users\/1"}],"replies":[{"embeddable":true,"href":"https:\/\/hundeschule-teamwork.com\/angebote\/wp-json\/wp\/v2\/comments?post=145"}],"version-history":[{"count":5,"href":"https:\/\/hundeschule-teamwork.com\/angebote\/wp-json\/wp\/v2\/pages\/145\/revisions"}],"predecessor-version":[{"id":5002,"href":"https:\/\/hundeschule-teamwork.com\/angebote\/wp-json\/wp\/v2\/pages\/145\/revisions\/5002"}],"up":[{"embeddable":true,"href":"https:\/\/hundeschule-teamwork.com\/angebote\/wp-json\/wp\/v2\/pages\/27"}],"wp:attachment":[{"href":"https:\/\/hundeschule-teamwork.com\/angebote\/wp-json\/wp\/v2\/media?parent=145"}],"curies":[{"name":"wp","href":"https:\/\/api.w.org\/{rel}","templated":true}]}}