{"id":1466,"date":"2016-06-10T16:09:53","date_gmt":"2016-06-10T14:09:53","guid":{"rendered":"http:\/\/hundeschule-teamwork.com\/angebote\/?page_id=1466"},"modified":"2017-11-22T18:51:01","modified_gmt":"2017-11-22T16:51:01","slug":"umgang-mit-sogenannten-angsthunden","status":"publish","type":"page","link":"https:\/\/hundeschule-teamwork.com\/angebote\/info\/mehr-wissen-ueber-hunde\/umgang-mit-sogenannten-angsthunden\/","title":{"rendered":"Umgang mit sogenannten &#8222;Angsthunden&#8220;"},"content":{"rendered":"<p>Dieser Text enth\u00e4lt Informationen und Tipps f\u00fcr den Umgang mit sogenannten &#8222;Angst-Hunden&#8220;. Das sind Hunde, die aufgrund schlechter Bedingungen beim Heranwachsen und keinen Kontakt mit Menschen und anderen f\u00fcr unseren Kulturkreis relevanten Umweltreizen gemacht haben, und\/oder sehr schlechte Erfahrungen mit Menschen durch psychische und k\u00f6rperliche Misshandlungen gemacht haben. Durch diese sehr ung\u00fcnstigen Umst\u00e4nde sind diese Hunde oft schwer traumatisiert. Angst-Hunde brauchen viel Zeit, Einf\u00fchlungsverm\u00f6gen und Wissen seitens der Menschen, die sie in Pflege nehmen oder adoptieren.<\/p>\n<p><strong>Sicherheit geht vor&#8230;<\/strong><\/p>\n<ul>\n<li><strong>Sicherheitsgeschirr<\/strong><\/li>\n<\/ul>\n<p>Oft h\u00f6rt man von \u00e4ngstlichen Hunden, die sich in Schrecksituationen aus Geschirr oder Halsband befreien konnten und das Weite gesucht haben. Sie werden vermisst und durch die gro\u00dfe Angst vor Menschen, die diese Hunde oft durch schlimme Erlebnisse haben, gibt es kaum Chancen, sie wieder einzufangen.<\/p>\n<p>Um den Hund auf Spazierg\u00e4ngen optimal zu sichern, empfehlen wir deshalb ein extra Sicherheitsgeschirr. Dieses Geschirr hat einen zus\u00e4tzlichen Gurt, der um den Bauch des Hundes geht. So ist es nicht m\u00f6glich, dass der Hund sich aus dem Geschirr befreit.<\/p>\n<p>Diese Sicherheitsgeschirre k\u00f6nnen Sie gerne \u00fcber die Hundeschule Teamwork bestellen. Bitte geben Sie uns per E-mail alle notwendigen Angaben, wie z.B. die gew\u00fcnschte Gr\u00f6\u00dfe und Farbe. Wir bestellen das Sicherheitsgeschirr sehr gerne f\u00fcr Sie!<\/p>\n<p>Wichtig ist es au\u00dferdem, die Leine immer gut fest zu halten und in jeder Situation damit zu rechnen, dass der Hund sich erschrecken k\u00f6nnte. Aus diesem Grund ist davon abzuraten, den Hund an einer Ausziehleine (Flexi-Leine) zu f\u00fchren, da diese schnell aus der Hand rutschen kann, wenn der Hund unerwartet los rennt.<\/p>\n<ul>\n<li><strong>GPS \u2013 Sender<\/strong><\/li>\n<\/ul>\n<p>F\u00fcr ganz \u00e4ngstliche Hunde ist auch ein GPS \u2013 Sender zu empfehlen. Dieser wird am Geschirr des Hundes befestigt und kann \u00fcber ein Handy geortet werden. Sollte der Hund es also schaffen, sich loszurei\u00dfen, besteht die M\u00f6glichkeit, ihn mit Hilfe dieses Senders ausfindig zu machen, um ihn wieder einzufangen.<\/p>\n<p>Hier gibt es die GPS \u2013 Sender &#8211; Link: <a href=\"https:\/\/tractive.com\/de\/\" target=\"_blank\">https:\/\/tractive.com\/de\/<\/a><\/p>\n<ul>\n<li><strong>Sicherheit zu Hause und im Garten<\/strong><\/li>\n<\/ul>\n<p>Auch zu Hause, insbesondere im Garten, ist es wichtig, f\u00fcr Sicherheit zu sorgen. Oft sind normale Z\u00e4une kein gro\u00dfes Hindernis f\u00fcr Angsthunde. Insbesondere bei Hunden aus dem Ausland ist hier Vorsicht geboten. Sie mussten sich selbst mit Futter versorgen und haben so viele Erfahrungen gesammelt, gut \u00fcber oder unter Z\u00e4unen her zu kommen, um an Futter oder eine sichere Ruhest\u00e4tte zu gelangen.<\/p>\n<p><strong>Erst mal ankommen und Vertrauen aufbauen!!!<\/strong><\/p>\n<p>Besonders f\u00fcr Hunde die eher \u00e4ngstlich sind, bedeutet jede Ver\u00e4nderung gro\u00dfen Stress.<\/p>\n<p>Zieht ein Angsthund bei Ihnen ein, ist es wichtig, ihn erst einmal ankommen zu lassen. Er soll ganz in Ruhe und in seinem Tempo sein neues Zuhause und seine Menschen kennen lernen d\u00fcrfen.<\/p>\n<p>Zieht ein Hund ein, der keine sehr sch\u00f6ne Vergangenheit hatte, m\u00f6chte man ihm viel Gutes tun und ihm zeigen, wie sch\u00f6n das Leben sein kann. Nimmt der neue Hund dann gar keine Leckerlies an und m\u00f6chte auch lieber seine Ruhe, anstatt Streicheleinheiten, sind wir schnell entt\u00e4uscht. Doch wichtig ist es, dem Hund seine Zeit und seinen Raum zu lassen, um anzukommen, und ihn nicht zu bedr\u00e4ngen. Mit der Zeit wird er auftauen, und Ihre Geduld wird belohnt. Hat der Hund selbst die Wahl, ein Leckerchen zu nehmen oder auf Euch zu zu kommen oder eben auch nicht, f\u00f6rdert das seine Selbstwirksamkeit und gibt ihm Selbstvertrauen. Die Gewissheit, eine Wahlm\u00f6glichkeit zu haben und somit die Umwelt durch eigenes Verhalten zu beeinflussen, gibt sowohl uns Menschen als auch unseren Hunden Sicherheit.<\/p>\n<p>Wir k\u00f6nnen f\u00fcr Wahlm\u00f6glichkeiten sorgen, indem wir unseren Hunden verschiedene Liegepl\u00e4tze, in verschiedenen Zimmern, bereiten. So hat er die Wahl, wo er sich hinlegt. Sehr \u00e4ngstlichen Hunden hilft es auch, verschiedene \u201eSchlupfl\u00f6cher\u201c zu haben, um den Raum besser zu erkunden. Tische, St\u00fchle und andere dunklere Ecken, in denen der Hund sich sicher f\u00fchlt und gleichzeitig den Raum gut im Blick hat, laden eher dazu ein, auch mal den Platz zu wechseln und in ruhigen Minuten den Raum zu erkunden.<\/p>\n<p><strong>Enriched Environment<\/strong><br \/>\nDamit das Zimmer oder die Wohnung f\u00fcr den Hund interessant bleibt, ist es wichtig, diese\/s abwechslungsreich zu gestalten. Man kann die Dinge im Raum immer mal ver\u00e4ndern und neue Dinge hinzustellen, die der Hund erkunden und beschn\u00fcffeln kann.<\/p>\n<p>Wichtig ist dabei, dass die festen Schlaf- und Ruhepl\u00e4tze des Hundes nicht ver\u00e4ndert werden, so dass er eine sichere Struktur und M\u00f6glichkeiten hat, sich zur\u00fcck zu ziehen. Besonders wichtig ist diese variable Raumgestaltung f\u00fcr Hunde, die noch nicht auf Spazierg\u00e4nge mitgenommen werden k\u00f6nnen und deshalb geistig kaum neue Dinge erleben. Gleichzeitig ist es eine gute Vorbereitung auf eine Umwelt, die sich immer mal ver\u00e4ndert und in der der Hund immer wieder neue Dinge kennen lernt.<\/p>\n<p><strong>Mentale Stimulation durch D\u00fcfte, Kl\u00e4nge, Farben<\/strong><br \/>\nDie Sinne des Hundes werden durch eine solche Raumgestaltung angeregt. Hier kann man auch mit verschiedenen D\u00fcften arbeiten, wie z.B. Kamille- und Lavendelduft. Beide D\u00fcfte haben eine beruhigende Wirkung. Es sollte aber unbedingt getestet werden, ob der Hund den Duft mag, oder eher meidet. Da Hundenasen sehr empfindlich sind, sollte auch auf eine sehr geringe Dosis geachtet werden. Genauso kann Musik (ruhige melodische Kl\u00e4nge) beruhigend auf den Hund wirken und bietet gleichzeitig eine mentale Stimulation. Lampen mit sanften Farben, wie beispielsweise Salzkristall-Lampen helfen, dem Raum eine warme Atmosph\u00e4re zu geben.<\/p>\n<p><strong>Bachbl\u00fcten<\/strong><br \/>\nBei vielen sogenannten \u201eAngst-Hunden\u201c war\/ist auch das Einnehmen von Bachbl\u00fcten hilfreich. Wer seinem Hund eine geeignete Bachbl\u00fcten-Mischung anbieten m\u00f6chte, kann sich gerne an uns wenden. Wir haben alle Bachbl\u00fcten da und stellen auf sorgf\u00e4ltige Weise die passende Mischung zusammen.<\/p>\n<p><strong>Pheromone<\/strong><br \/>\nPheromone sind Duft-Sekrete, die ein Lebewesen selbst z.B. bei der Paarung, beim S\u00e4ugen der Babies usw. ausstr\u00f6mt und bei den meisten Individuen angenehme Assoziationen ausl\u00f6st. Pheromone gibt es in kleinen Beh\u00e4ltern, die auf einem Stecker sitzen und in die Steckdose gesteckt werden, so dass der Duft sich im Raum verbreitet oder als Halsband, so dass er direkt in Kopfn\u00e4he des Hundes ausstr\u00f6men kann.<\/p>\n<p>Bitte nicht alles gleichzeitig ausprobieren bzw. anwenden, sondern erst auf behutsame Weise das eine und dann eventuell auf behutsame Weise das andere. Bitte den Hund gut beobachten: Wenn erkennbar ist, dass der Hund die Pheromone oder Bachbl\u00fcten nicht mag, bitte nicht weiter anwenden.<\/p>\n<ul>\n<li><strong>\u00dcben in kleinen Schritten<\/strong><\/li>\n<\/ul>\n<p>Ist der Hund angekommen und f\u00fchlt sich wohl im neuen Zuhause, k\u00f6nnen Sie mit dem \u00dcben und Erkunden der Umgebung beginnen. Sowohl das an der Leine laufen, als auch viele Dinge in Ihrem Umfeld sind vorerst fremd f\u00fcr Ihr neues Familienmitglied.<\/p>\n<p>Darum ist es wichtig, in kleinen Schritten zu \u00fcben und nach und nach die Umgebung zu erkunden, um den Hund nicht zu \u00fcberfordern.<\/p>\n<p>Dasselbe gilt f\u00fcr \u00dcbungen, wie Sitz und Platz oder \u00e4hnliches. Kurze \u00dcbungseinheiten und h\u00e4ufige Pausen sind wichtig f\u00fcr einen guten Lernerfolg. Au\u00dferdem sollten die \u00dcbungen ganz langsam aufgebaut werden und der <em>Schwierigkeitsgrad dem Lernfortschritt des Hundes angepasst sein. <\/em><\/p>\n<p><em>Freuen Sie sich \u00fcber kleine Schritte, die Sie zusammen gemeistert haben!<\/em><\/p>\n<ul>\n<li><strong>Nasenarbeit als Mutmachtraining mit Beispielen<\/strong><\/li>\n<\/ul>\n<p>Verschiedene Arten von Nasenarbeit sind eine gute Besch\u00e4ftigung f\u00fcr Ihren Hund und eine gute Erg\u00e4nzung zum Training zu Hause und im neuen Umfeld des Hundes.<\/p>\n<p>Nasenarbeit ist eine sehr hundegerechte Besch\u00e4ftigung, die auch den Kopf optimal auslastet. Die meisten Hunde haben viel Spa\u00df an dieser Art der Besch\u00e4ftigung.<\/p>\n<p>Au\u00dferdem gibt die Nasenarbeit Ihrem Hund Selbstvertrauen, weil er Selbstwirksamkeit erlernt. Dazu ist Nasenarbeit ein Mutmachtraining f\u00fcr \u00e4ngstliche Hunde, weil Leckerchen aus oder von verschiedenen Dingen herausgeholt werden, wie z.B. aus einem Karton, der sich bewegt und Ger\u00e4usche macht, und aus Zeitung, die knistert; &#8211; das macht Mut, wenn man es geschafft hat, und die Leckerchen sind eine gro\u00dfe Motivation und Belohnung f\u00fcr den Hund, neben der Erfahrung, es selbst geschafft zu haben.<\/p>\n<p><strong>Folgende M\u00f6glichkeiten der Nasenarbeit mit dem Hund gibt es:<\/strong><\/p>\n<p><strong>P\u00e4ckchen packen<\/strong> \u2013 je nach Gr\u00f6\u00dfe des Hundes nimmt man dazu einen Schuhkarton oder Eierkarton o.\u00e4. und Zeitungspapier. Die ersten Male legt man die Leckerchen einfach auf die zusammengeknautschte Zeitung drauf. Findet der Hund dies noch zu unheimlich, reicht es auch, mit einem Karton zu beginnen, wo Leckerchen drin liegen, die der Hund daraus frisst (oder Leckerchen neben dem Karton zu suchen).<\/p>\n<p>Hier bietet es sich an, den Hund auf die Leckerchen aufmerksam zu machen und die Suche mit einem Signalwort zu verkn\u00fcpfen wie \u201eSuch\u201c. Dieses Signalwort wird der Hund schnell verkn\u00fcpfen, und Sie k\u00f6nnen es bei den verschiedenen Schn\u00fcffelspielen anwenden. Lernt er in einer neuen Situation, nach Leckerchen zu suchen, kann dem Hund durch das Signalwort geholfen werden. Er wei\u00df dann schon, um was es geht. Auch wenn mal ein Leckerchen auf den Boden f\u00e4llt, kann man den Hund mit \u201eSuch\u201c danach suchen lassen.<\/p>\n<p>Nach und nach kann man den Schwierigkeitsgrad erh\u00f6hen und auch mal Leckerchen unter die Zeitung legen und bei ganz fortgeschrittenen Hunden sogar mal die Leckerchen in die Zeitung einwickeln beziehungsweise die Zeitung um die Leckerchen knautschen. Und zum Schluss sogar den Karton schlie\u00dfen.<\/p>\n<p><strong>Leckerchen im Gras\/Laub suchen<\/strong> \u2013 auf einer Fl\u00e4che von 1*1 Meter im Gras kleine Leckerchen verstreuen und den Hund suchen lassen. Die \u00dcbung kann je nach Lernstand des Hundes auch mit einer Sitz-\/Platz- und Bleib- \u00dcbung verbunden werden. Wenn der Hund die \u00dcbung kennt und gut meistert, kann die Fl\u00e4che auch noch vergr\u00f6\u00dfert werden.<\/p>\n<p><strong>Leckerchenbaum<\/strong> \u2013 weiche Leckerchen, zum Beispiel kleine (erbsengro\u00dfe) weiche Leckerlies aus dem Zoo-Fachhandel oder besser gekochtes H\u00fchnchen, K\u00e4se, o.\u00e4. werden in die raue Rinde eines Baumes gesteckt. Zun\u00e4chst auf H\u00f6he des Hundekopfes, nach und nach auch mal etwas weiter oben oder unten. Der Hund darf die Leckerchen suchen. Braucht der Hund zun\u00e4chst Hilfe, k\u00f6nnen Sie ihm die Leckerchen zeigen und ihm helfen.<\/p>\n<p><strong>Intelligenzspiele\/Holzspiele<\/strong> \u2013 gibt es im Tierfachhandel und im Internet zu kaufen. Hier ist auf eine gute Verarbeitung zu achten und der Hund sollte damit nicht alleine gelassen werden (Gefahr, dass er Teile abbei\u00dft und verschluckt). Au\u00dferdem sollte man diese Spiele ebenfalls zu Beginn sehr einfach gestalten, damit der Hund motiviert bei der Sache bleibt, und nach und nach den Schwierigkeitsgrad erh\u00f6hen.<\/p>\n<p>Auch in der N\u00e4he anderer Gegenst\u00e4nde oder Dinge, die dem Hund Angst machen, kann man Leckerchen suchen lassen. Dabei ist darauf zu achten, dass dies in einer Entfernung geschieht in der sich der Hund noch wohl f\u00fchlt. Erst nach und nach darf in kleinen Schritten der Abstand verringert werden. Vielleicht traut sich der Hund dann in einiger Zeit sogar, Leckerchen von dem zun\u00e4chst noch komischen Gegenstand herunter zu fressen.<\/p>\n<ul>\n<li><strong>F\u00fcr den Fall, dass ein Angst-Hund vermisst wird<\/strong><\/li>\n<\/ul>\n<p>Falls der Fall eintritt, dass ein Hund wegl\u00e4uft und vermisst wird, gibt es die M\u00f6glichkeit, nach Pet-Trailern in der N\u00e4he zu googeln, die mit speziell daf\u00fcr ausgebildeten Hunden den vermissten Hund suchen. Wenn der Angst-Hund sich aufgrund seiner Scheu nicht einfangen l\u00e4\u00dft, besteht die M\u00f6glichkeit, bei einem Spezialisten f\u00fcr schonende Distanz-Narkose, z.B. Heino Krannich, anzufragen, ob dieser kommen kann und den Hund mithilfe der Distanz-Narkose zu narkotisieren und dadurch wieder zu sichern.<br \/>\nDie Website von Heino Krannich ist: <a href=\"http:\/\/www.heino-krannich.de\/\" target=\"_blank\">http:\/\/www.heino-krannich.de\/<\/a><\/p>\n<ul>\n<li><strong>Weitere Literatur zum Thema\u2026<\/strong><\/li>\n<\/ul>\n<p>Neues Buch des animal learn Verlags:<br \/>\n<strong>Angsthund \u2013 Bettina Specht<\/strong><br \/>\nPreis 19,90\u20ac<br \/>\nDas Buch ist in der Hundeschule Teamwork erh\u00e4ltlich oder unter folgendem Link: <a href=\"http:\/\/verlag.animal-learn.de\/index.php?page=shop.product_details&amp;category_id=6&amp;flypage=flypage.tpl&amp;product_id=89&amp;option=com_virtuemart&amp;Itemid=59&amp;vmcchk=1&amp;Itemid=59\" target=\"_blank\">http:\/\/verlag.animal-learn.de\/index.php?page=shop.product_details&amp;category_id=6&amp;flypage=flypage.tpl&amp;product_id=89&amp;option=com_virtuemart&amp;Itemid=59&amp;vmcchk=1&amp;Itemid=59<\/a><\/p>\n<p><strong>Leben will gelernt sein \u2013 So helfen Sie ihrem Hund, Vers\u00e4umtes wettzumachen \u2013 Birgit Laser<\/strong><br \/>\nPreis 22,50\u20ac<br \/>\nebenfalls erh\u00e4ltlich in der Hundeschule Teamwork oder unter folgendem Link:<br \/>\n<a href=\"http:\/\/www.laserdogs.de\/shop.html\" target=\"_blank\">http:\/\/www.laserdogs.de\/shop.html<\/a><\/p>\n<p>Text von Anke Rochelt und Lea Benfer, Hundeschule Teamwork, Stadtallendorf.<\/p>\n<p>Der komplette Text darf gerne verlinkt oder weitergegeben werden mit Angabe der Ursprungsquelle. F\u00fcr Direkt-Links zum Text hier die URL: <a href=\"https:\/\/hundeschule-teamwork.com\/angebote\/info\/mehr-wissen-ueber-hunde\/umgang-mit-sogenannten-angsthunden\/\" target=\"_blank\">https:\/\/hundeschule-teamwork.com\/angebote\/info\/umgang-mit-sogenannten-angst-hunden\/<\/a><\/p>\n<p>Einen empfehlenswerten weiteren Link zum Thema &#8222;Angsthund&#8220; gibt es hier: <a href=\"http:\/\/www.dogsinthecity.at\/2017\/02\/26\/einen-angsthund-strafen-gefaehrlicher-unsinn\/\" target=\"_blank\">http:\/\/www.dogsinthecity.at\/2017\/02\/26\/einen-angsthund-strafen-gefaehrlicher-unsinn\/<\/a><\/p>","protected":false},"excerpt":{"rendered":"<p>Dieser Text enth\u00e4lt Informationen und Tipps f\u00fcr den Umgang mit sogenannten &#8222;Angst-Hunden&#8220;. Das sind Hunde, die aufgrund schlechter Bedingungen beim Heranwachsen und keinen Kontakt mit Menschen und anderen f\u00fcr unseren Kulturkreis relevanten Umweltreizen gemacht haben, und\/oder sehr schlechte Erfahrungen mit &hellip; <a href=\"https:\/\/hundeschule-teamwork.com\/angebote\/info\/mehr-wissen-ueber-hunde\/umgang-mit-sogenannten-angsthunden\/\">Weiterlesen <span class=\"meta-nav\">&rarr;<\/span><\/a><\/p>\n","protected":false},"author":1,"featured_media":0,"parent":1472,"menu_order":0,"comment_status":"closed","ping_status":"closed","template":"","meta":{"ngg_post_thumbnail":0,"footnotes":""},"class_list":["post-1466","page","type-page","status-publish","hentry"],"_links":{"self":[{"href":"https:\/\/hundeschule-teamwork.com\/angebote\/wp-json\/wp\/v2\/pages\/1466","targetHints":{"allow":["GET"]}}],"collection":[{"href":"https:\/\/hundeschule-teamwork.com\/angebote\/wp-json\/wp\/v2\/pages"}],"about":[{"href":"https:\/\/hundeschule-teamwork.com\/angebote\/wp-json\/wp\/v2\/types\/page"}],"author":[{"embeddable":true,"href":"https:\/\/hundeschule-teamwork.com\/angebote\/wp-json\/wp\/v2\/users\/1"}],"replies":[{"embeddable":true,"href":"https:\/\/hundeschule-teamwork.com\/angebote\/wp-json\/wp\/v2\/comments?post=1466"}],"version-history":[{"count":4,"href":"https:\/\/hundeschule-teamwork.com\/angebote\/wp-json\/wp\/v2\/pages\/1466\/revisions"}],"predecessor-version":[{"id":3340,"href":"https:\/\/hundeschule-teamwork.com\/angebote\/wp-json\/wp\/v2\/pages\/1466\/revisions\/3340"}],"up":[{"embeddable":true,"href":"https:\/\/hundeschule-teamwork.com\/angebote\/wp-json\/wp\/v2\/pages\/1472"}],"wp:attachment":[{"href":"https:\/\/hundeschule-teamwork.com\/angebote\/wp-json\/wp\/v2\/media?parent=1466"}],"curies":[{"name":"wp","href":"https:\/\/api.w.org\/{rel}","templated":true}]}}