{"id":1510,"date":"2016-06-15T13:23:28","date_gmt":"2016-06-15T11:23:28","guid":{"rendered":"http:\/\/hundeschule-teamwork.com\/angebote\/?page_id=1510"},"modified":"2020-06-27T19:36:38","modified_gmt":"2020-06-27T17:36:38","slug":"junghunde-erziehung-beschaeftigung-fuer-mittelgrosse-und-grosse-hunde","status":"publish","type":"page","link":"https:\/\/hundeschule-teamwork.com\/angebote\/termine\/termine-anke\/junghunde-erziehung-beschaeftigung-fuer-mittelgrosse-und-grosse-hunde\/","title":{"rendered":"Junghunde &#8211; Erziehung &#8211; Besch\u00e4ftigung"},"content":{"rendered":"<div>\n<div>\n<div>\n<div>\n<p><strong>Termine:<\/strong><\/p>\n<\/div>\n<\/div>\n<\/div>\n<\/div>\n<div>\n<p><strong>Junghundekurs: Wir vertiefen die \u00dcbungen von R\u00fcckruf, Leinenf\u00fchrigkeit, Sitz, Platz, Decke + Bleib, altersgem\u00e4\u00dfe Ger\u00e4tearbeit, Anti-Giftk\u00f6der-Training, Nasenarbeit, je nach Konstellation der teilnehmenden Hunde auch Freispiel mit Artgenossen<\/strong><\/p>\n<\/div>\n<p><strong>Preis:<\/strong> <strong>f\u00fcr Neueinsteiger Junghundegruppe:<\/strong> 5 Gruppenstunden, 1 Einzelstunde zu Beginn des Junghundekurses (a 45 Minuten), 2 Einzeltrainings (zeitlich nach individueller Termin-Vereinbarung, je 30 Minuten), 1 Theorieeinheit: 155 Euro; <em>Theorie-Einheit (ohne Hunde) zu den Themen &#8222;Lernverhalten und Kommunikation von Hunden, Mensch-Hund-Beziehung&#8220; Treffpunkt Seminarraum Eulenweg 16, 35260 Stadtallendorf: n\u00e4chster Termin wird in K\u00fcrze bekanntgegeben. <\/em>Wenn die Gruppenstunden der Kurskarte aufgebraucht sind, kann &#8211; wenn der Platz weiterhin frei ist&nbsp; &#8211; gibt es die M\u00f6glichkeit, eine 5er Karte f\u00fcr Gruppenstunden zu erwerben (55 Euro, aufbrauchbar w\u00e4hrend der n\u00e4chsten 10 Termine, also Teilnahme mindestens 14-t\u00e4gig, das ist auch wichtig f\u00fcr die Gruppenplanung. oder einzelne Teilnahme (nach Abprache in unserer Junghunde-WhatsAppGruppe bei noch einem freien Platz f\u00fcr den betreffenden Termin) f\u00fcr 14 Euro. <strong><em><b><br \/>\n<\/b><\/em><\/strong><\/p>\n<p>Dies ist eine Offene Gruppe und ein Einstieg ist jederzeit m\u00f6glich (bitte vorherige Anmeldung an Anke, Tel. 06428\/441135, Handy 0170\/4350394).<\/p>\n<p>Alle Utensilien, die zur Hundeschule bitte mitgebracht werden sollen, sind in der Rubrik &#8222;Infos&#8220; hier auf der Website genannt.<\/p>","protected":false},"excerpt":{"rendered":"<p>Termine: Junghundekurs: Wir vertiefen die \u00dcbungen von R\u00fcckruf, Leinenf\u00fchrigkeit, Sitz, Platz, Decke + Bleib, altersgem\u00e4\u00dfe Ger\u00e4tearbeit, Anti-Giftk\u00f6der-Training, Nasenarbeit, je nach Konstellation der teilnehmenden Hunde auch Freispiel mit Artgenossen Preis: f\u00fcr Neueinsteiger Junghundegruppe: 5 Gruppenstunden, 1 Einzelstunde zu Beginn des Junghundekurses &hellip; <a href=\"https:\/\/hundeschule-teamwork.com\/angebote\/termine\/termine-anke\/junghunde-erziehung-beschaeftigung-fuer-mittelgrosse-und-grosse-hunde\/\">Weiterlesen <span class=\"meta-nav\">&rarr;<\/span><\/a><\/p>\n","protected":false},"author":1,"featured_media":0,"parent":381,"menu_order":0,"comment_status":"closed","ping_status":"closed","template":"","meta":{"ngg_post_thumbnail":0,"footnotes":""},"class_list":["post-1510","page","type-page","status-publish","hentry"],"_links":{"self":[{"href":"https:\/\/hundeschule-teamwork.com\/angebote\/wp-json\/wp\/v2\/pages\/1510","targetHints":{"allow":["GET"]}}],"collection":[{"href":"https:\/\/hundeschule-teamwork.com\/angebote\/wp-json\/wp\/v2\/pages"}],"about":[{"href":"https:\/\/hundeschule-teamwork.com\/angebote\/wp-json\/wp\/v2\/types\/page"}],"author":[{"embeddable":true,"href":"https:\/\/hundeschule-teamwork.com\/angebote\/wp-json\/wp\/v2\/users\/1"}],"replies":[{"embeddable":true,"href":"https:\/\/hundeschule-teamwork.com\/angebote\/wp-json\/wp\/v2\/comments?post=1510"}],"version-history":[{"count":97,"href":"https:\/\/hundeschule-teamwork.com\/angebote\/wp-json\/wp\/v2\/pages\/1510\/revisions"}],"predecessor-version":[{"id":4603,"href":"https:\/\/hundeschule-teamwork.com\/angebote\/wp-json\/wp\/v2\/pages\/1510\/revisions\/4603"}],"up":[{"embeddable":true,"href":"https:\/\/hundeschule-teamwork.com\/angebote\/wp-json\/wp\/v2\/pages\/381"}],"wp:attachment":[{"href":"https:\/\/hundeschule-teamwork.com\/angebote\/wp-json\/wp\/v2\/media?parent=1510"}],"curies":[{"name":"wp","href":"https:\/\/api.w.org\/{rel}","templated":true}]}}