{"id":2202,"date":"2017-04-20T14:53:57","date_gmt":"2017-04-20T12:53:57","guid":{"rendered":"http:\/\/hundeschule-teamwork.com\/angebote\/?page_id=2202"},"modified":"2017-05-02T10:46:07","modified_gmt":"2017-05-02T08:46:07","slug":"aktion-maulkorb-drauf","status":"publish","type":"page","link":"https:\/\/hundeschule-teamwork.com\/angebote\/info\/mehr-wissen-ueber-hunde\/aktion-maulkorb-drauf\/","title":{"rendered":"Aktion Maulkorb drauf"},"content":{"rendered":"<p><img loading=\"lazy\" decoding=\"async\" class=\"alignleft size-medium wp-image-2203\" src=\"https:\/\/hundeschule-teamwork.com\/angebote\/wp-content\/uploads\/2017\/04\/18013013_1740439865982443_1389089315_o-320x569.jpg\" alt=\"18013013_1740439865982443_1389089315_o\" width=\"320\" height=\"569\" srcset=\"https:\/\/hundeschule-teamwork.com\/angebote\/wp-content\/uploads\/2017\/04\/18013013_1740439865982443_1389089315_o-320x569.jpg 320w, https:\/\/hundeschule-teamwork.com\/angebote\/wp-content\/uploads\/2017\/04\/18013013_1740439865982443_1389089315_o-576x1024.jpg 576w, https:\/\/hundeschule-teamwork.com\/angebote\/wp-content\/uploads\/2017\/04\/18013013_1740439865982443_1389089315_o-600x1067.jpg 600w, https:\/\/hundeschule-teamwork.com\/angebote\/wp-content\/uploads\/2017\/04\/18013013_1740439865982443_1389089315_o-540x960.jpg 540w, https:\/\/hundeschule-teamwork.com\/angebote\/wp-content\/uploads\/2017\/04\/18013013_1740439865982443_1389089315_o.jpg 639w\" sizes=\"auto, (max-width: 320px) 100vw, 320px\" \/>Ein Maulkorb kann f\u00fcr viele Hunde eine gute Trainingshilfe sein und bietet in vielseitiger Hinsicht Hund und Mensch Sicherheit. Teilweise ist das Tragen eines Maulkorbes in \u00f6ffentlichen Verkehrsmitteln und in manchen Urlaubsl\u00e4ndern Pflicht. Gew\u00f6hnt man den Hund gut an den Maulkorb, erf\u00e4hrt er durch ihn keinerlei Einschr\u00e4nkung, kann mit dem Maulkorb fressen, trinken, hecheln, spielen, toben und ist auch in der Kommunikation mit anderen Hunde nicht eingeschr\u00e4nkt. Der Hundehalter kann entspannter agieren, was sich auch auf den Hund positiv auswirkt. Die Aktion und wir w\u00fcnschen uns mehr Toleranz f\u00fcr Hunde mit Maulkorb und sind gegen eine Diskriminierung dieser. Menschen mit Hunden, denen ein Maulkorb im Alltag und Training gut tun w\u00fcrde, sollten sich nicht scheuen, mit einem Maulkorb zu arbeiten.<\/p>\n<p>&nbsp;<\/p>\n<p>&nbsp;<\/p>\n<p><u>Bei n\u00e4herem Interesse schaut Euch gerne auf der Homepage der Aktion um:<\/u><\/p>\n<p><a href=\"https:\/\/maulkorb-drauf.jimdo.com\/\">https:\/\/maulkorb-drauf.jimdo.com\/<\/a><\/p>\n<p>&nbsp;<\/p>\n<p><img loading=\"lazy\" decoding=\"async\" class=\"size-medium wp-image-2205 alignright\" src=\"https:\/\/hundeschule-teamwork.com\/angebote\/wp-content\/uploads\/2017\/04\/18012979_1740454982647598_220463279_o-320x532.jpg\" alt=\"18012979_1740454982647598_220463279_o\" width=\"320\" height=\"532\" srcset=\"https:\/\/hundeschule-teamwork.com\/angebote\/wp-content\/uploads\/2017\/04\/18012979_1740454982647598_220463279_o-320x532.jpg 320w, https:\/\/hundeschule-teamwork.com\/angebote\/wp-content\/uploads\/2017\/04\/18012979_1740454982647598_220463279_o-616x1024.jpg 616w, https:\/\/hundeschule-teamwork.com\/angebote\/wp-content\/uploads\/2017\/04\/18012979_1740454982647598_220463279_o-600x998.jpg 600w, https:\/\/hundeschule-teamwork.com\/angebote\/wp-content\/uploads\/2017\/04\/18012979_1740454982647598_220463279_o-540x898.jpg 540w, https:\/\/hundeschule-teamwork.com\/angebote\/wp-content\/uploads\/2017\/04\/18012979_1740454982647598_220463279_o.jpg 683w\" sizes=\"auto, (max-width: 320px) 100vw, 320px\" \/>Tierschutzh\u00fcndin Doris tr\u00e4gt ihren Maulkorb ganz entspannt und kann damit sogar schlafen.<\/p>\n<p>&nbsp;<\/p>\n<p>&nbsp;<\/p>\n<p>Mit <a href=\"https:\/\/www.ducktape.de\/\" target=\"_blank\">Duck Tape <\/a>kann man einen Maulkorb auch sehr sch\u00f6n verzieren zum Beispiel mit Blumenmuster, wie ihr es auf dem Foto von Doris und Jack seht.<\/p>\n<p>&nbsp;<\/p>\n<p>&nbsp;<\/p>\n<p>Die 10 Monate alte Dalmatiner H\u00fcndin Lina beim Maulkorbtraining.<\/p>\n<p><img loading=\"lazy\" decoding=\"async\" class=\"size-medium wp-image-2204 alignleft\" src=\"https:\/\/hundeschule-teamwork.com\/angebote\/wp-content\/uploads\/2017\/04\/17838325_1721762591183504_166758495_o-320x569.jpg\" alt=\"17838325_1721762591183504_166758495_o\" width=\"320\" height=\"569\" srcset=\"https:\/\/hundeschule-teamwork.com\/angebote\/wp-content\/uploads\/2017\/04\/17838325_1721762591183504_166758495_o-320x569.jpg 320w, https:\/\/hundeschule-teamwork.com\/angebote\/wp-content\/uploads\/2017\/04\/17838325_1721762591183504_166758495_o-768x1365.jpg 768w, https:\/\/hundeschule-teamwork.com\/angebote\/wp-content\/uploads\/2017\/04\/17838325_1721762591183504_166758495_o-576x1024.jpg 576w, https:\/\/hundeschule-teamwork.com\/angebote\/wp-content\/uploads\/2017\/04\/17838325_1721762591183504_166758495_o-600x1067.jpg 600w, https:\/\/hundeschule-teamwork.com\/angebote\/wp-content\/uploads\/2017\/04\/17838325_1721762591183504_166758495_o-540x960.jpg 540w, https:\/\/hundeschule-teamwork.com\/angebote\/wp-content\/uploads\/2017\/04\/17838325_1721762591183504_166758495_o.jpg 1152w\" sizes=\"auto, (max-width: 320px) 100vw, 320px\" \/><\/p>","protected":false},"excerpt":{"rendered":"<p>Ein Maulkorb kann f\u00fcr viele Hunde eine gute Trainingshilfe sein und bietet in vielseitiger Hinsicht Hund und Mensch Sicherheit. Teilweise ist das Tragen eines Maulkorbes in \u00f6ffentlichen Verkehrsmitteln und in manchen Urlaubsl\u00e4ndern Pflicht. Gew\u00f6hnt man den Hund gut an den &hellip; <a href=\"https:\/\/hundeschule-teamwork.com\/angebote\/info\/mehr-wissen-ueber-hunde\/aktion-maulkorb-drauf\/\">Weiterlesen <span class=\"meta-nav\">&rarr;<\/span><\/a><\/p>\n","protected":false},"author":1,"featured_media":0,"parent":1472,"menu_order":0,"comment_status":"closed","ping_status":"closed","template":"","meta":{"ngg_post_thumbnail":0,"footnotes":""},"class_list":["post-2202","page","type-page","status-publish","hentry"],"_links":{"self":[{"href":"https:\/\/hundeschule-teamwork.com\/angebote\/wp-json\/wp\/v2\/pages\/2202","targetHints":{"allow":["GET"]}}],"collection":[{"href":"https:\/\/hundeschule-teamwork.com\/angebote\/wp-json\/wp\/v2\/pages"}],"about":[{"href":"https:\/\/hundeschule-teamwork.com\/angebote\/wp-json\/wp\/v2\/types\/page"}],"author":[{"embeddable":true,"href":"https:\/\/hundeschule-teamwork.com\/angebote\/wp-json\/wp\/v2\/users\/1"}],"replies":[{"embeddable":true,"href":"https:\/\/hundeschule-teamwork.com\/angebote\/wp-json\/wp\/v2\/comments?post=2202"}],"version-history":[{"count":9,"href":"https:\/\/hundeschule-teamwork.com\/angebote\/wp-json\/wp\/v2\/pages\/2202\/revisions"}],"predecessor-version":[{"id":2248,"href":"https:\/\/hundeschule-teamwork.com\/angebote\/wp-json\/wp\/v2\/pages\/2202\/revisions\/2248"}],"up":[{"embeddable":true,"href":"https:\/\/hundeschule-teamwork.com\/angebote\/wp-json\/wp\/v2\/pages\/1472"}],"wp:attachment":[{"href":"https:\/\/hundeschule-teamwork.com\/angebote\/wp-json\/wp\/v2\/media?parent=2202"}],"curies":[{"name":"wp","href":"https:\/\/api.w.org\/{rel}","templated":true}]}}