{"id":23,"date":"2014-01-06T17:43:29","date_gmt":"2014-01-06T15:43:29","guid":{"rendered":"http:\/\/hundeschule-teamwork.com\/angebote\/?page_id=23"},"modified":"2023-01-03T20:50:10","modified_gmt":"2023-01-03T18:50:10","slug":"angebot","status":"publish","type":"page","link":"https:\/\/hundeschule-teamwork.com\/angebote\/angebot\/","title":{"rendered":"ANGEBOTE"},"content":{"rendered":"<p><strong>Unsere Angebote in der \u00dcbersicht<\/strong><\/p>\n<h2><strong>Im Bereich HUNDESCHULE bieten wir an:<\/strong><\/h2>\n<p>Welpenkurs<\/p>\n<p>Mensch-Hund-Team-Kurs \u2013 als Mensch-Hund-Team aufmerksam und entspannt<br \/>\ndurch den Alltag<\/p>\n<p>Verhaltenstherapie bei Problemen<br \/>\nTricktraining<\/p>\n<p>Longierzirkeltraining<\/p>\n<p>Nasenarbeit<\/p>\n<p>Clickerkurs\/-seminar<br \/>\nKind und Hund &#8211; Schule<\/p>\n<p>Social Walks<\/p>\n<p>Indoor-Mini-Kurse<\/p>\n<p>Kreative Spazierg\u00e4nge<br \/>\nAgility<br \/>\nSuchhundearbeit<br \/>\nHundewanderungen<br \/>\nBeratung vor der Anschaffung eines Hundes<br \/>\nReflexionsrunden zur tiergest\u00fctzten P\u00e4dagogik und Therapie<br \/>\nWeiterbildungsm\u00f6glichkeiten<\/p>\n<p>Die Preise der oben genannten Angebote entnehmen Sie bitte der <a title=\"TERMINE\" href=\"https:\/\/hundeschule-teamwork.com\/angebote\/termine\/\">Terminrubrik<\/a><br \/>\noder Ausschreibungen (<em>bei Seminaren<\/em>)<\/p>\n<blockquote class=\"wp-embedded-content\" data-secret=\"qsXNMro09o\"><p><a href=\"https:\/\/hundeschule-teamwork.com\/angebote\/termine\/kurs-kind-und-hund\/\">Kurs &#8222;Kind und Hund&#8220;<\/a><\/p><\/blockquote>\n<p><iframe loading=\"lazy\" class=\"wp-embedded-content\" sandbox=\"allow-scripts\" security=\"restricted\" style=\"position: absolute; visibility: hidden;\" title=\"&#8222;Kurs &#8222;Kind und Hund&#8220;&#8220; &#8211; Hundeschule Teamwork\" src=\"https:\/\/hundeschule-teamwork.com\/angebote\/termine\/kurs-kind-und-hund\/embed\/#?secret=g4CTWSATBw#?secret=qsXNMro09o\" data-secret=\"qsXNMro09o\" width=\"600\" height=\"338\" frameborder=\"0\" marginwidth=\"0\" marginheight=\"0\" scrolling=\"no\"><\/iframe><\/p>\n<p>Jack tr\u00e4gt begeistert die Tasche von Ernl. Wer Interesse hat, dies mit seinem Hund auch zu lernen, kann zum einen gern die Ernl-Tasche \u00fcber unsere Hundeschule (oder direkt bei Ernl) bestellen und desweiteren auch Trainings zum \u00dcben des Tragens der Ernl-Tasche vereinbaren. Das Tragen der Ernl-Tasche einget sich auch gut als Baustein im Rahmen der Hundeintgerierten P\u00e4dagogik und Therapie. Sprechen Sie uns gerne an!<\/p>\n<p><img loading=\"lazy\" decoding=\"async\" class=\"alignleft size-medium wp-image-2533\" src=\"https:\/\/hundeschule-teamwork.com\/angebote\/wp-content\/uploads\/2014\/01\/Jack_Ernl_Tasche-320x323.jpg\" alt=\"Jack_Ernl_Tasche\" width=\"320\" height=\"323\" srcset=\"https:\/\/hundeschule-teamwork.com\/angebote\/wp-content\/uploads\/2014\/01\/Jack_Ernl_Tasche-320x323.jpg 320w, https:\/\/hundeschule-teamwork.com\/angebote\/wp-content\/uploads\/2014\/01\/Jack_Ernl_Tasche-150x150.jpg 150w, https:\/\/hundeschule-teamwork.com\/angebote\/wp-content\/uploads\/2014\/01\/Jack_Ernl_Tasche-768x775.jpg 768w, https:\/\/hundeschule-teamwork.com\/angebote\/wp-content\/uploads\/2014\/01\/Jack_Ernl_Tasche-600x606.jpg 600w, https:\/\/hundeschule-teamwork.com\/angebote\/wp-content\/uploads\/2014\/01\/Jack_Ernl_Tasche-50x50.jpg 50w, https:\/\/hundeschule-teamwork.com\/angebote\/wp-content\/uploads\/2014\/01\/Jack_Ernl_Tasche-540x545.jpg 540w, https:\/\/hundeschule-teamwork.com\/angebote\/wp-content\/uploads\/2014\/01\/Jack_Ernl_Tasche.jpg 931w\" sizes=\"auto, (max-width: 320px) 100vw, 320px\" \/><\/p>\n<p>&nbsp;<\/p>\n<p>&nbsp;<\/p>\n<p>&nbsp;<\/p>\n<p>&nbsp;<\/p>\n<p>&nbsp;<\/p>\n<p>&nbsp;<\/p>\n<p>&nbsp;<\/p>\n<p>&nbsp;<\/p>\n<p>&nbsp;<\/p>\n<p>&#8212;&#8212;&#8212;&#8212;&#8212;&#8212;&#8212;&#8212;&#8212;&#8212;&#8212;&#8212;&#8212;&#8212;&#8212;&#8212;&#8212;&#8212;&#8212;&#8212;&#8212;&#8212;&#8212;&#8212;&#8212;&#8212;&#8212;&#8212;&#8212;&#8212;&#8212;&#8212;&#8212;&#8212;&#8212;<\/p>\n<h3>Tiergest\u00fctzte P\u00e4dagogik und Therapie<\/h3>\n<p><strong>P\u00e4dagogische und therapeutische Arbeit mit unseren Tieren in sozialen Einrichtungen<\/strong><\/p>\n<blockquote class=\"wp-embedded-content\" data-secret=\"55eIwweQBB\"><p><a href=\"https:\/\/hundeschule-teamwork.com\/angebote\/angebot\/tiergestuetzte-arbeit\/\">Tiergest\u00fctzte Arbeit<\/a><\/p><\/blockquote>\n<p><iframe loading=\"lazy\" class=\"wp-embedded-content\" sandbox=\"allow-scripts\" security=\"restricted\" style=\"position: absolute; visibility: hidden;\" title=\"&#8222;Tiergest\u00fctzte Arbeit&#8220; &#8211; Hundeschule Teamwork\" src=\"https:\/\/hundeschule-teamwork.com\/angebote\/angebot\/tiergestuetzte-arbeit\/embed\/#?secret=3tuIzgzvs0#?secret=55eIwweQBB\" data-secret=\"55eIwweQBB\" width=\"600\" height=\"338\" frameborder=\"0\" marginwidth=\"0\" marginheight=\"0\" scrolling=\"no\"><\/iframe><\/p>\n<p>&nbsp;<\/p>\n<p>__________________________________________________________________<\/p>\n<h3>Einf\u00fchrungslehrgang in die tiergest\u00fctzte P\u00e4dagogik und Therapie<br \/>\nmit eigenem Hund<\/h3>\n<p><strong>H\u00e4tten Sie Freude an der gemeinsamen Arbeit mit Ihrem eigenen Hund<\/strong><br \/>\n<strong> in sozialen Einrichtungen wie Kinderg\u00e4rten, Schulen, Altenheimen, usw.?<\/strong><br \/>\nDann sprechen Sie uns an. Wir beraten Sie gerne hinsichtlich der<br \/>\nVoraussetzungen von Hund und Mensch sowie \u00fcber den Ablauf und Inhalte<br \/>\ndes Einf\u00fchrungslehrgangs.<\/p>\n<p>&nbsp;<\/p>\n<p><strong>Sonstiges:<\/strong><\/p>\n<h3>Therapie von Menschen mit Angst vor Hunden<\/h3>\n<p>N\u00e4here Infos erhalten Sie gerne telefonisch oder per <a title=\"Email\" href=\"mailto:rochelta@yahoo.de\" target=\"_blank\" rel=\"noopener noreferrer\">Email<\/a>.<\/p>","protected":false},"excerpt":{"rendered":"<p>Unsere Angebote in der \u00dcbersicht Im Bereich HUNDESCHULE bieten wir an: Welpenkurs Mensch-Hund-Team-Kurs \u2013 als Mensch-Hund-Team aufmerksam und entspannt durch den Alltag Verhaltenstherapie bei Problemen Tricktraining Longierzirkeltraining Nasenarbeit Clickerkurs\/-seminar Kind und Hund &#8211; Schule Social Walks Indoor-Mini-Kurse Kreative Spazierg\u00e4nge Agility &hellip; <a href=\"https:\/\/hundeschule-teamwork.com\/angebote\/angebot\/\">Weiterlesen <span class=\"meta-nav\">&rarr;<\/span><\/a><\/p>\n","protected":false},"author":1,"featured_media":0,"parent":0,"menu_order":0,"comment_status":"closed","ping_status":"closed","template":"","meta":{"ngg_post_thumbnail":0,"footnotes":""},"class_list":["post-23","page","type-page","status-publish","hentry"],"_links":{"self":[{"href":"https:\/\/hundeschule-teamwork.com\/angebote\/wp-json\/wp\/v2\/pages\/23","targetHints":{"allow":["GET"]}}],"collection":[{"href":"https:\/\/hundeschule-teamwork.com\/angebote\/wp-json\/wp\/v2\/pages"}],"about":[{"href":"https:\/\/hundeschule-teamwork.com\/angebote\/wp-json\/wp\/v2\/types\/page"}],"author":[{"embeddable":true,"href":"https:\/\/hundeschule-teamwork.com\/angebote\/wp-json\/wp\/v2\/users\/1"}],"replies":[{"embeddable":true,"href":"https:\/\/hundeschule-teamwork.com\/angebote\/wp-json\/wp\/v2\/comments?post=23"}],"version-history":[{"count":29,"href":"https:\/\/hundeschule-teamwork.com\/angebote\/wp-json\/wp\/v2\/pages\/23\/revisions"}],"predecessor-version":[{"id":4998,"href":"https:\/\/hundeschule-teamwork.com\/angebote\/wp-json\/wp\/v2\/pages\/23\/revisions\/4998"}],"wp:attachment":[{"href":"https:\/\/hundeschule-teamwork.com\/angebote\/wp-json\/wp\/v2\/media?parent=23"}],"curies":[{"name":"wp","href":"https:\/\/api.w.org\/{rel}","templated":true}]}}