{"id":3647,"date":"2018-03-17T09:00:18","date_gmt":"2018-03-17T07:00:18","guid":{"rendered":"http:\/\/hundeschule-teamwork.com\/angebote\/?page_id=3647"},"modified":"2018-03-17T09:00:18","modified_gmt":"2018-03-17T07:00:18","slug":"laura-und-kuba","status":"publish","type":"page","link":"https:\/\/hundeschule-teamwork.com\/angebote\/laura-und-kuba\/","title":{"rendered":"Laura und Kuba"},"content":{"rendered":"ngg_shortcode_0_placeholder\n<h2 class=\"id-Article-headline\"><a title=\"Schulhund soll Sch\u00fclern beim Konzentrieren helfen\" href=\"http:\/\/www.hna.de\/lokales\/fritzlar-homberg\/fritzlar-ort45393\/fritzlar-schulhund-soll-schuelern-beim-konzentrieren-helfen-4611003.html\" target=\"_blank\" rel=\"noopener\">Schulhund soll Sch\u00fclern beim Konzentrieren helfen<\/a><\/h2>\n<p>Ein Radiobericht des Senders HR 4 (von Januar 2015) \u00fcber den Wei\u00dfen Schweizer Sch\u00e4ferhund &#8222;Kuba&#8220;, der gemeinsam mit seiner Besitzerin, der Lehrerin Laura Roller, in der Hundeschule Teamwork Stadtallendorf zum Schulhund ausgebildet wird.<\/p>\n<audio class=\"wp-audio-shortcode\" id=\"audio-3647-1\" preload=\"none\" style=\"width: 100%;\" controls=\"controls\"><source type=\"audio\/mpeg\" src=\"https:\/\/hundeschule-teamwork.com\/angebote\/wp-content\/uploads\/2015\/01\/Kuba.mp3?_=1\" \/><a href=\"https:\/\/hundeschule-teamwork.com\/angebote\/wp-content\/uploads\/2015\/01\/Kuba.mp3\">https:\/\/hundeschule-teamwork.com\/angebote\/wp-content\/uploads\/2015\/01\/Kuba.mp3<\/a><\/audio>\n<p>&nbsp;<\/p>","protected":false},"excerpt":{"rendered":"<p>Schulhund soll Sch\u00fclern beim Konzentrieren helfen Ein Radiobericht des Senders HR 4 (von Januar 2015) \u00fcber den Wei\u00dfen Schweizer Sch\u00e4ferhund &#8222;Kuba&#8220;, der gemeinsam mit seiner Besitzerin, der Lehrerin Laura Roller, in der Hundeschule Teamwork Stadtallendorf zum Schulhund ausgebildet wird. &nbsp;<\/p>\n","protected":false},"author":1,"featured_media":0,"parent":0,"menu_order":0,"comment_status":"closed","ping_status":"closed","template":"","meta":{"ngg_post_thumbnail":0,"footnotes":""},"class_list":["post-3647","page","type-page","status-publish","hentry"],"_links":{"self":[{"href":"https:\/\/hundeschule-teamwork.com\/angebote\/wp-json\/wp\/v2\/pages\/3647","targetHints":{"allow":["GET"]}}],"collection":[{"href":"https:\/\/hundeschule-teamwork.com\/angebote\/wp-json\/wp\/v2\/pages"}],"about":[{"href":"https:\/\/hundeschule-teamwork.com\/angebote\/wp-json\/wp\/v2\/types\/page"}],"author":[{"embeddable":true,"href":"https:\/\/hundeschule-teamwork.com\/angebote\/wp-json\/wp\/v2\/users\/1"}],"replies":[{"embeddable":true,"href":"https:\/\/hundeschule-teamwork.com\/angebote\/wp-json\/wp\/v2\/comments?post=3647"}],"version-history":[{"count":1,"href":"https:\/\/hundeschule-teamwork.com\/angebote\/wp-json\/wp\/v2\/pages\/3647\/revisions"}],"predecessor-version":[{"id":3653,"href":"https:\/\/hundeschule-teamwork.com\/angebote\/wp-json\/wp\/v2\/pages\/3647\/revisions\/3653"}],"wp:attachment":[{"href":"https:\/\/hundeschule-teamwork.com\/angebote\/wp-json\/wp\/v2\/media?parent=3647"}],"curies":[{"name":"wp","href":"https:\/\/api.w.org\/{rel}","templated":true}]}}