{"id":381,"date":"2014-03-26T13:43:54","date_gmt":"2014-03-26T11:43:54","guid":{"rendered":"http:\/\/hundeschule-teamwork.com\/angebote\/?page_id=381"},"modified":"2024-01-24T10:31:59","modified_gmt":"2024-01-24T08:31:59","slug":"termine-anke","status":"publish","type":"page","link":"https:\/\/hundeschule-teamwork.com\/angebote\/termine\/termine-anke\/","title":{"rendered":"Termine Anke"},"content":{"rendered":"<p><strong>Terminvereinbarungen:<\/strong><\/p>\n<p><span style=\"color: #ff0000;\"><strong>Ich freue mich schon sehr auf unsere n\u00e4chsten Termine: Wer noch keine Folgetermine mit mir vereinbart hat, kann mich gern direkt per Handy erreichen: 0170\/4350394.<\/strong><\/span><\/p>\n<p>&#x1f49a;&#x1f463;&#x1f43e;&#x1f415;&#x1f44d;<\/p>\n<p><span style=\"color: #ff0000;\"><strong>Bleiben Sie gesund, von Herzen, Anke Rochelt<\/strong><\/span><\/p>\n<p>f\u00fcr Welpenkurs,&nbsp; Junghundegruppe,&nbsp; Einzeltraining, tiergest\u00fctzte P\u00e4dagogik, Kinder-\/Jugendliche-Hund-Gruppe, Mantrailing, Social Walk, Apportieren, Der Hund als Haushaltshilfe, facettenreiche Nasenarbeit, Longierzirkeltraining , Tricktraining und Seminare<\/p>\n<p>bitte bei Anke anmelden:<\/p>\n<p>Anke Rochelt<\/p>\n<p>Tel.: 06428\/441135<\/p>\n<p>Handy: 0170\/4350394<\/p>\n<p>E-mail:<strong> <a title=\"Email\" href=\"mailto:rochelta@yahoo.de\" target=\"_blank\" rel=\"noopener noreferrer\">rochelta@yahoo.de<\/a><\/strong><\/p>\n<p>**************************************************************************************<\/p>\n<div>\n<h2>Kurse &amp; offene Gruppen<\/h2>\n<h2><span style=\"color: #ff0000;\"><strong>Mini-Indoor-Winter-Kurse Anfang 2020:<br \/>\n<\/strong><\/span><\/h2>\n<\/div>\n<p><a href=\"https:\/\/hundeschule-teamwork.com\/angebote\/wp-content\/uploads\/2020\/01\/Ausschreibung_Kurs_Tricktraining_Winter_2020.pdf\">Ausschreibung_Kurs_Tricktraining_Winter_2020<\/a><\/p>\n<p><a href=\"https:\/\/hundeschule-teamwork.com\/angebote\/wp-content\/uploads\/2020\/01\/Anmeldung_Kurs_Tricktraining_Winter_2020.pdf\">Anmeldung_Kurs_Tricktraining_Winter_2020 (noch freie Pl\u00e4tze)<\/a><\/p>\n<p><a href=\"https:\/\/hundeschule-teamwork.com\/angebote\/wp-content\/uploads\/2020\/01\/Ausschreibung_Kurs_WunschPunsch_Winter_2020.pdf\">Ausschreibung_Kurs_WunschPunsch_Winter_2020<\/a><\/p>\n<p><a href=\"https:\/\/hundeschule-teamwork.com\/angebote\/wp-content\/uploads\/2020\/01\/Anmeldung_Kurs_WunschPunsch_Winter_2020.pdf\">Anmeldung_Kurs_WunschPunsch_Winter_2020 (noch freie Pl\u00e4tze)<\/a><\/p>\n<p>********************************************************<\/p>\n<p><strong><span style=\"color: #ff0000;\">Die n\u00e4chsten Mensch-Hund-Teamkurse starten am Freitag, 28. Februar 2020:<\/span><\/strong><\/p>\n<p><a href=\"https:\/\/hundeschule-teamwork.com\/angebote\/wp-content\/uploads\/2020\/01\/Ausschreibung-Mensch-Hund-Team-2020.pdf\">Ausschreibung-Mensch-Hund-Team-2020<\/a><\/p>\n<p><a href=\"https:\/\/hundeschule-teamwork.com\/angebote\/wp-content\/uploads\/2020\/01\/Anmeldung_Kurs_Mensch-Hund-Team_Basis_Uhrzeit_15_30_Uhr_Anfang_2020.pdf\">Anmeldung_Kurs_Mensch-Hund-Team_Basis_Uhrzeit_15_30_Uhr_Anfang_2020 (noch freie Pl\u00e4tze)<\/a><\/p>\n<div>\n<p><span style=\"color: #000080;\">(MeHuTeam f\u00fcr 16.30 Uhr bereits ausgebucht)<\/span><\/p>\n<\/div>\n<p><span style=\"color: #000080;\">Wer Interesse an folgenden Kursen hat, kann sich herzlich gern schonmal ganz unverbindlich auf eine Interessenten-Liste aufnehmen lassen:<\/span><\/p>\n<div>\n<ul>\n<li><span style=\"color: #000080;\">Kurs &#8222;Qualit\u00e4tszeit mit Hund&#8220; (Aufbaukurs auf den Mensch-Hund-Teamkurs)<br \/>\n<\/span><\/li>\n<li><span style=\"color: #000080;\">Kurs &#8222;Longierzirkeltraining&#8220;<\/span><\/li>\n<\/ul>\n<p><span style=\"color: #000080;\"><span style=\"color: #ff0000;\">BEI INTERESSE BITTE EINFACH BEI ANKE MELDEN, WIR MACHEN DIE TERMINE F\u00dcR DIE KLEINGRUPPEN IN EIGENEN WHATSAPPGRUPPEN AUS.<\/span><br \/>\n<\/span><\/p>\n<p><span style=\"color: #ff0000;\">F\u00fcr unsere laufenden Welpen- und Junghundekurse stehen Infos und Termine hier in den entsprechenden Rubriken in der Terminsparte. Einstiege sind jederzeit m\u00f6glich. Bei Interesse\/Fragen bitte einfach Anke kontaktieren.<\/span><\/p>\n<p><span style=\"color: #ff0000;\">BEI INTERESSE F\u00dcR LAUFENDE ANGEBOTE SOCIAL WALK (keine Kursbuchung n\u00f6tig!) UND MANTRAILING&nbsp; (keine Kursbuchung n\u00f6tig!), BITTE AUCH EINFACH ANKE KONTAKTIEREN.<\/span><\/p>\n<p><span style=\"color: #000080;\">Zur Information gibt es hier noch Beispiele aus fr\u00fcheren bzw. gerade laufenden Kursen:<\/span><\/p>\n<\/div>\n<div>\n<p><a href=\"https:\/\/hundeschule-teamwork.com\/angebote\/wp-content\/uploads\/2019\/05\/Ausschreibung_Kurs_Qualit\u00e4tszeit-_mit_Hund_Fruehjahr_Sommer_2019.pdf\">Ausschreibung_Kurs_Qualit\u00e4tszeit _mit_Hund_Fruehjahr_Sommer_2019<\/a><\/p>\n<p><a href=\"https:\/\/hundeschule-teamwork.com\/angebote\/wp-content\/uploads\/2019\/05\/Anmeldung_Kurs_Qualit\u00e4tszeit-_mit_Hund_Fruehjahr_Sommer_2019.pdf\">Anmeldung_Kurs_Qualit\u00e4tszeit _mit_Hund_Fruehjahr_Sommer_2019<\/a><\/p>\n<p><a href=\"https:\/\/hundeschule-teamwork.com\/angebote\/wp-content\/uploads\/2019\/05\/Ausschreibung_Neu_Kurs_Kind_und_Hund_Fruehjahr_2019.pdf\">Ausschreibung_Neu_Kurs_Kind_und_Hund_Fruehjahr_2019<\/a><a href=\"https:\/\/hundeschule-teamwork.com\/angebote\/wp-content\/uploads\/2019\/05\/Anmeldung_Kurs_Kind_Hund_Fruehjahr_Sommer_2019.pdf\">Anmeldung_Kurs_Kind_Hund_Fruehjahr_Sommer_2019<\/a><\/p>\n<p>&nbsp;<\/p>\n<p>************************************************************************************<\/p>\n<p><strong>Aktuell f\u00fcr alle Interessierten: Theorie-Einheit zu den Themen:<\/strong><\/p>\n<h3>Lernverhalten und Kommunikation von Hunden<\/h3>\n<h3>Beziehung zwischen Mensch und Hund<\/h3>\n<p><a href=\"https:\/\/hundeschule-teamwork.com\/angebote\/termine\/termine-anke\/theorie-einheit\/\" target=\"_blank\" rel=\"noopener noreferrer\">Hier zum n\u00e4chsten Termin&#8230;<\/a><br \/>\n**********************************************************************************<\/p>\n<h3>Welpenkurs<\/h3>\n<p>Die Welpenkurskarte besteht aus 1 Einzelstunde (45 Min.), 1 Theorie-Abend (ca. 2 Stunden),<br \/>\nund 8 Gruppenstunden (jeweils 45 &#8211; 60 Min.) und umfangreichen schriftlichem Material.<\/p>\n<p><a href=\"https:\/\/hundeschule-teamwork.com\/angebote\/termine\/termine-anke\/welpenkurs\/\" target=\"_blank\" rel=\"noopener noreferrer\">Hier zu den n\u00e4chsten Terminen&#8230;<\/a><\/p>\n<\/div>\n<p><!--more--><\/p>\n<div>\n<p>*******************************************************************<\/p>\n<h3><strong>Junghunde &#8211; Erziehung &#8211; Besch\u00e4ftigung f\u00fcr mittelgro\u00dfe und gro\u00dfe Hunde<\/strong><\/h3>\n<p><a href=\"https:\/\/hundeschule-teamwork.com\/angebote\/termine\/termine-anke\/junghunde-erziehung-beschaeftigung-fuer-mittelgrosse-und-grosse-hunde\/\" target=\"_blank\" rel=\"noopener noreferrer\">Hier zu den n\u00e4chsten Terminen&#8230;<\/a><br \/>\n****************************************************************************<\/p>\n<h3>Spiel- und Besch\u00e4ftigung f\u00fcr kleine und mittelgro\u00dfe Hunde<\/h3>\n<p><a href=\"https:\/\/hundeschule-teamwork.com\/angebote\/termine\/termine-anke\/spiel-und-beschaeftigung-fuer-kleine-und-mittelgrosse-hunde\/\" target=\"_blank\" rel=\"noopener noreferrer\">Hier zu den n\u00e4chsten Terminen&#8230;<\/a><br \/>\n******************************************************************************<\/p>\n<h3><a name=\"mantrail\"><\/a><strong><span style=\"color: #ff9900;\">Mensch-Hund-Team Kurs<\/span><br \/>\n<\/strong><\/h3>\n<p><a href=\"https:\/\/hundeschule-teamwork.com\/angebote\/termine\/termine-anke\/neuer-kurs-erziehungs-beschaeftigungs-und-tricktraingkurs\/\" target=\"_blank\" rel=\"noopener noreferrer\">Hier zu den n\u00e4chsten Terminen&#8230;<\/a><br \/>\n*************************************************************************************<\/p>\n<h3>Mantrailinggruppe<\/h3>\n<p><a name=\"mantrail\"><\/a>Familienmitglieder, Freunde, Bekannte k\u00f6nnen herzlich gern mitkommen und als Versteck-Personen mitwirken. Bitte daf\u00fcr zwei eigene Geruchsgegenst\u00e4nde (<em>beispielsweise einen getragenen Socken oder ein getragenes Halstuch, o.\u00e4.<\/em>) in einem kleinen Plastikbeutelchen, mit Namen versehen, mitbringen.<\/p>\n<p><a name=\"mantrail\"><\/a><a href=\"https:\/\/hundeschule-teamwork.com\/angebote\/termine\/termine-anke\/mantrailinggruppe\/\" target=\"_blank\" rel=\"noopener noreferrer\">Hier zum n\u00e4chsten Termin&#8230;<\/a><\/p>\n<p>**************************************************************************************<\/p>\n<p><a name=\"mantrail\"><\/a><\/p>\n<h3><strong>Social Walk &#8211; offene Gruppe<\/strong><\/h3>\n<p><a name=\"mantrail\"><\/a><\/p>\n<p>Bei Social Walk \u00fcben wir gelassenes Laufen an der Leine in Gegenwart anderer Hunde und Menschen und streuen hie und da ein paar kreative \u00dcbungen aus dem Bereich Nasenarbeit und Grunderziehung ein. Dieses Angebot ist offen f\u00fcr alle Mensch-Hund-Teams, die eine Einf\u00fchrung in den Social Walk von mir bekommen haben. Neu-Interessierte bitte einfach bei mir melden und wir machen f\u00fcr die Einf\u00fchrung in den Social Walk einen Termin aus. Der n\u00e4chste Social-Walk-Gruppentermin ist am:<\/p>\n<p><a name=\"mantrail\"><\/a><\/p>\n<p><a href=\"https:\/\/hundeschule-teamwork.com\/angebote\/termine\/termine-anke\/social-walk\/\" target=\"_blank\" rel=\"noopener noreferrer\">Hier zu den n\u00e4chsten Terminen&#8230;<\/a><br \/>\n<a name=\"mantrail\"><\/a>********************************************************************************<\/p>\n<h3><span style=\"color: #ff9900;\"><strong>Einzeltraining<a style=\"color: #ff9900;\" name=\"mantrail\"><\/a><\/strong><\/span><\/h3>\n<p>F\u00fcr Problembearbeitung, artgem\u00e4\u00dfe Besch\u00e4ftigung, allgemeine Erziehung des Hundes in der Einzelbegleitung f\u00fcr das jeweilige Mensch-Hund-Team, Handlungsbausteinerarbeitung tiergest\u00fctzte P\u00e4dagogik, Beratung vor der Anschaffung eines eigenen Hundes <em>(auf Wunsch gerne inklusive praktischer&nbsp; \u00dcbungserfahrungsm\u00f6glichkeiten mit den Hundeschul-Hunden<\/em>) und vieles mehr.<\/p>\n<p><a name=\"mantrail\"><\/a><\/p>\n<p><strong>Kosten:<\/strong><\/p>\n<p><a name=\"mantrail\"><\/a><\/p>\n<p><strong>Erstes Einzeltraining f\u00fcr Neukunden:<\/strong> 85 Euro (60 Minuten, inklusive schriftlichem Material per e-mail)<\/p>\n<p><strong>Einzelnes Einzeltraining: <\/strong>65 Euro (45<em> Minuten, inklusive schriftlichem Material per e-mail<\/em>)<\/p>\n<p><a name=\"mantrail\"><\/a><\/p>\n<p><strong>5er Karte<\/strong> (<em>5 x 45 Minuten, die Karte ist 8 Monate g\u00fcltig, inklusive schriftlichem Material und inkl. 1 Theorie-Einheit via Mail<\/em>): 275 Euro&nbsp;<\/p>\n<p>Die 5er Karte gilt pro Mensch-Hund-Team und ist nicht auf andere Mensch-Hund-Teams \u00fcbertragbar.<\/p>\n<p><strong>Die Einzeltrainings sind auch \u00fcber Fernkommunikation m\u00f6glich z.B. per skype, zoom, whatsapp. Bitte einfach melden 0170\/4350394.<\/strong><\/p>\n<p><a name=\"mantrail\"><\/a><\/p>\n<p><strong>Bei Hausbesuchen<\/strong> kommen Fahrtkosten von 50 Cent\/km dazu.<\/p>\n<p><a name=\"mantrail\"><\/a><\/p>\n<p><em>Bitte bei Terminverschiebungen mindestens 24 Stunden vorher Bescheid geben, da ansonsten die Kosten f\u00fcr den Termin anfallen.<\/em><\/p>\n<p><a name=\"mantrail\"><\/a><\/p>\n<p>******************************************************************************<\/p>\n<p><a name=\"mantrail\"><\/a><\/p>\n<h4>Telefonische Beratung<\/h4>\n<p><a name=\"mantrail\"><\/a><\/p>\n<p>Telefonische Beratung ist m\u00f6glich, aber nur in Kombination vor Einzel- und Gruppentrainings und begleitend zu Einzel- und Gruppentrainings, da telefonische Beratung niemals das praktische Hundetraining ersetzen kann. Wer in diesem Sinne telefonische Beratung m\u00f6chte, kann gerne Anke (06428\/441135, Handy 0170\/4350394) anrufen. Telefonische Beratung kann alle inhaltlichen Fragen zu Erziehung, Verhalten usw. betreffen.<\/p>\n<p><a name=\"mantrail\"><\/a><\/p>\n<p><strong>Kosten:<\/strong> Preisliste siehe <strong>Einzeltrainings<\/strong> zzgl. 8 Euro f\u00fcr weitere angefangene 15 Minuten<\/p>\n<p><a name=\"mantrail\"><\/a><\/p>\n<p><strong><em>Ich rufe auch ge<\/em><\/strong><strong><em>rne zur\u00fcck, wenn keine eigene Telefon-Flatrate vorhanden.<\/em><\/strong><\/p>\n<p><a name=\"mantrail\"><\/a><\/p>\n<p>Informationen und Termine zu Seminaren der Hundeintegrierten P\u00e4dagogik findet ihr \u00fcber einen neuen Reiter der sich \u00f6ffnet, wenn ihr&nbsp; mit der Maus \u00fcber Termine Anke fahrt oder <a href=\"https:\/\/hundeschule-teamwork.com\/angebote\/termine\/hundeintegrierte-paedagogik\/\" target=\"_blank\" rel=\"noopener noreferrer\">hier klickt&#8230;<\/a><\/p>\n<\/div>\n<p>&nbsp;<\/p>","protected":false},"excerpt":{"rendered":"<p>Terminvereinbarungen: Ich freue mich schon sehr auf unsere n\u00e4chsten Termine: Wer noch keine Folgetermine mit mir vereinbart hat, kann mich gern direkt per Handy erreichen: 0170\/4350394. &#x1f49a;&#x1f463;&#x1f43e;&#x1f415;&#x1f44d; Bleiben Sie gesund, von Herzen, Anke Rochelt f\u00fcr Welpenkurs,&nbsp; Junghundegruppe,&nbsp; Einzeltraining, tiergest\u00fctzte P\u00e4dagogik, &hellip; <a href=\"https:\/\/hundeschule-teamwork.com\/angebote\/termine\/termine-anke\/\">Weiterlesen <span class=\"meta-nav\">&rarr;<\/span><\/a><\/p>\n","protected":false},"author":1,"featured_media":0,"parent":13,"menu_order":0,"comment_status":"closed","ping_status":"closed","template":"","meta":{"ngg_post_thumbnail":0,"footnotes":""},"class_list":["post-381","page","type-page","status-publish","hentry"],"_links":{"self":[{"href":"https:\/\/hundeschule-teamwork.com\/angebote\/wp-json\/wp\/v2\/pages\/381","targetHints":{"allow":["GET"]}}],"collection":[{"href":"https:\/\/hundeschule-teamwork.com\/angebote\/wp-json\/wp\/v2\/pages"}],"about":[{"href":"https:\/\/hundeschule-teamwork.com\/angebote\/wp-json\/wp\/v2\/types\/page"}],"author":[{"embeddable":true,"href":"https:\/\/hundeschule-teamwork.com\/angebote\/wp-json\/wp\/v2\/users\/1"}],"replies":[{"embeddable":true,"href":"https:\/\/hundeschule-teamwork.com\/angebote\/wp-json\/wp\/v2\/comments?post=381"}],"version-history":[{"count":204,"href":"https:\/\/hundeschule-teamwork.com\/angebote\/wp-json\/wp\/v2\/pages\/381\/revisions"}],"predecessor-version":[{"id":5043,"href":"https:\/\/hundeschule-teamwork.com\/angebote\/wp-json\/wp\/v2\/pages\/381\/revisions\/5043"}],"up":[{"embeddable":true,"href":"https:\/\/hundeschule-teamwork.com\/angebote\/wp-json\/wp\/v2\/pages\/13"}],"wp:attachment":[{"href":"https:\/\/hundeschule-teamwork.com\/angebote\/wp-json\/wp\/v2\/media?parent=381"}],"curies":[{"name":"wp","href":"https:\/\/api.w.org\/{rel}","templated":true}]}}