{"id":45,"date":"2014-01-06T18:45:34","date_gmt":"2014-01-06T16:45:34","guid":{"rendered":"http:\/\/hundeschule-teamwork.com\/angebote\/?page_id=45"},"modified":"2018-09-07T16:02:11","modified_gmt":"2018-09-07T14:02:11","slug":"empfehlungen-von-interessanten-seiten-zum-thema-hund","status":"publish","type":"page","link":"https:\/\/hundeschule-teamwork.com\/angebote\/dies-das\/empfehlungen-von-interessanten-seiten-zum-thema-hund\/","title":{"rendered":"Empfehlungen von interessanten Seiten zum Thema Hund"},"content":{"rendered":"<p><a href=\"http:\/\/www.spass-mit-hund.de\" target=\"_blank\" rel=\"noopener\"><br \/>\nwww.spass-mit-hund.de<\/a><\/p>\n<p>http:\/\/www.spass-mit-hund.de\/mehr-wissen\/<\/p>\n<p><a href=\"http:\/\/www.tierarztpraxis-hense.de\" target=\"_blank\" rel=\"noopener\">www.tierarztpraxis-hense.de<\/a><\/p>\n<p><a href=\"http:\/\/www.laserdogs.de\" target=\"_blank\" rel=\"noopener\">www.laserdogs.de<\/a><\/p>\n<p><a href=\"http:\/\/www.cairn-energie.de\" target=\"_blank\" rel=\"noopener\">www.cairn-energie.de<\/a><\/p>\n<p><a href=\"http:\/\/www.clickntrick.de\"> www.clickntrick.de<\/a><\/p>\n<p>&nbsp;<\/p>\n<p>&nbsp;<\/p>\n<p><a href=\"http:\/\/klartexthund.blogspot.de\/\" target=\"_blank\" rel=\"noopener\"> www.klartexthund.blogspot.de<\/a><\/p>\n<p><a href=\"http:\/\/www.tiergestuetzte-therapie.de\" target=\"_blank\" rel=\"noopener\"> www.tiergestuetzte-therapie.de<\/a><\/p>\n<blockquote class=\"wp-embedded-content\" data-secret=\"doKDyYdqiH\"><p><a href=\"https:\/\/dogitright.de\/\">Online Hundeschule | Dog It Right<\/a><\/p><\/blockquote>\n<p><iframe loading=\"lazy\" class=\"wp-embedded-content\" sandbox=\"allow-scripts\" security=\"restricted\" style=\"position: absolute; visibility: hidden;\" title=\"&#8222;Online Hundeschule | Dog It Right&#8220; &#8211; Dog It Right\" src=\"https:\/\/dogitright.de\/embed\/#?secret=n53iajj5VW#?secret=doKDyYdqiH\" data-secret=\"doKDyYdqiH\" width=\"600\" height=\"338\" frameborder=\"0\" marginwidth=\"0\" marginheight=\"0\" scrolling=\"no\"><\/iframe><\/p>\n<p>http:\/\/www.ulrikeseumel.de\/blog\/<\/p>\n<p><a href=\"http:\/\/www.maxis-farm.de\/\" target=\"_blank\" rel=\"noopener\">www.maxis-farm.de<\/a><\/p>\n<p><a href=\"http:\/\/bampelinchen-fashion.beepworld.de\/\" target=\"_blank\" rel=\"noopener\">http:\/\/bampelinchen-fashion.beepworld.de\/<\/a><\/p>\n<p><a href=\"http:\/\/www.gulahund.de\/\" target=\"_blank\" rel=\"noopener\">http:\/\/www.gulahund.de\/<\/a><\/p>\n<p><a href=\"https:\/\/maulkorb-drauf.jimdo.com\/\" target=\"_blank\" rel=\"noopener\">https:\/\/maulkorb-drauf.jimdo.com\/<\/a><\/p>\n<p><a href=\"http:\/\/www.tantepuh.de\/\">http:\/\/www.tantepuh.de\/<\/a><\/p>\n<p>http:\/\/www.web-design-homepage.de\/webdesign\/about\/<\/p>\n<p><a href=\"http:\/\/homepage-hund.de\/blog\/\">www.homepage-hund\/blog\/<\/a><\/p>\n<blockquote class=\"wp-embedded-content\" data-secret=\"TzplzFXwID\"><p><a href=\"https:\/\/homepage-hund.de\/blog\/wir\/\">Wir<\/a><\/p><\/blockquote>\n<p><iframe loading=\"lazy\" class=\"wp-embedded-content\" sandbox=\"allow-scripts\" security=\"restricted\" style=\"position: absolute; visibility: hidden;\" title=\"&#8222;Wir&#8220; &#8211; HUNDEBLOG \u00f3\u00d4\u00d4\u00f2 \u0295\u00b7\u0361\u1d25\u00b7\u0294 \u00f3\u00d4\u00d4\u00f2\" src=\"https:\/\/homepage-hund.de\/blog\/wir\/embed\/#?secret=Owi7zzmzfI#?secret=TzplzFXwID\" data-secret=\"TzplzFXwID\" width=\"600\" height=\"338\" frameborder=\"0\" marginwidth=\"0\" marginheight=\"0\" scrolling=\"no\"><\/iframe><\/p>\n<p><a href=\"http:\/\/www.ernl.de\" target=\"_blank\" rel=\"noopener\">www.ernl.de <\/a><\/p>\n<p><span style=\"color: #000080;\">Jack tr\u00e4gt begeistert die Tasche von Ernl. Wer Interesse hat, dies mit seinem Hund auch zu lernen, kann zum einen gern die Ernl-Tasche \u00fcber unsere Hundeschule (oder direkt bei Ernl) bestellen und desweiteren auch Trainings zum \u00dcben des Tragens der Ernl-Tasche vereinbaren.<\/span><\/p>\n<p><img loading=\"lazy\" decoding=\"async\" class=\"alignleft size-medium wp-image-2533\" src=\"https:\/\/hundeschule-teamwork.com\/angebote\/wp-content\/uploads\/2014\/01\/Jack_Ernl_Tasche-320x323.jpg\" alt=\"Jack_Ernl_Tasche\" width=\"320\" height=\"323\" srcset=\"https:\/\/hundeschule-teamwork.com\/angebote\/wp-content\/uploads\/2014\/01\/Jack_Ernl_Tasche-320x323.jpg 320w, https:\/\/hundeschule-teamwork.com\/angebote\/wp-content\/uploads\/2014\/01\/Jack_Ernl_Tasche-150x150.jpg 150w, https:\/\/hundeschule-teamwork.com\/angebote\/wp-content\/uploads\/2014\/01\/Jack_Ernl_Tasche-768x775.jpg 768w, https:\/\/hundeschule-teamwork.com\/angebote\/wp-content\/uploads\/2014\/01\/Jack_Ernl_Tasche-600x606.jpg 600w, https:\/\/hundeschule-teamwork.com\/angebote\/wp-content\/uploads\/2014\/01\/Jack_Ernl_Tasche-50x50.jpg 50w, https:\/\/hundeschule-teamwork.com\/angebote\/wp-content\/uploads\/2014\/01\/Jack_Ernl_Tasche-540x545.jpg 540w, https:\/\/hundeschule-teamwork.com\/angebote\/wp-content\/uploads\/2014\/01\/Jack_Ernl_Tasche.jpg 931w\" sizes=\"auto, (max-width: 320px) 100vw, 320px\" \/><\/p>\n<p>&nbsp;<\/p>\n<p>&nbsp;<\/p>\n<p>&nbsp;<\/p>\n<p>&nbsp;<\/p>\n<p>&nbsp;<\/p>\n<p>&nbsp;<\/p>\n<p>&nbsp;<\/p>\n<p>&nbsp;<\/p>\n<p>&nbsp;<\/p>\n<p><span style=\"color: #000080;\">Links zu hilfreichen Blog-Artikel:<\/span><\/p>\n<p><span style=\"color: #000080;\">a) Nachfolgender Link unterstreicht sehr gut den Text &#8222;Gegenkonditionierung&#8220;, den unsere Kunden in ihren schriftlichen Mappen haben. Und allein die \u00dcberschrift &#8222;Click f\u00fcr Nix&#8220; erinnert mich an den Ausspruch einer lieben Kundin mit einer wunderbaren H\u00fcndin, die &#8211; als ich sagte &#8222;jetzt&#8220;markern und belohnen &#8211; fragte: &#8222;Warum denn, das juckt die (H\u00fcndin) doch gerade gar nicht&#8220;, w\u00e4hrend ihre H\u00fcndin gelassen an durchh\u00e4ngender Leine einen vorbeifahrenden Radfahrer anschaute. Als ich es ihr erkl\u00e4rte, verstand sie es auch gleich und ich bedankte mich f\u00fcr die Umschreibung &#8222;das juckt sie doch gar nicht&#8220;, die ich von da an oft f\u00fcr die Methode der Gegenkonditionierung verwende. Die besagte H\u00fcndin hatte im Alltag zuvor n\u00e4mlich h\u00e4ufig Radfahrer und andere sich bewegende Lebewesen\/Dinge angebellt und wollte diese &#8222;stellen&#8220; und wir haben erfolgreich die Gegenkonditionierung angewendet. Es ist wichtig, den Blick der Menschen f\u00fcr geeignete Abst\u00e4nde und \u00fcbriges Situations-Management in \u00dcbungs- und Alltagssituationen zu schulen, um dann f\u00fcr &#8222;das nicht Jucken durch den Reiz&#8220; bzw. &#8222;Das nichts-Tun&#8220;, d.h. das Gelassenbleiben in der Situation zu markern und zu belohnen. Das erfordert viel Aufmerksamkeit und und rechtzeitiges Agieren f\u00fcr erw\u00fcnschtes Verhalten (anstatt Reagieren auf unerw\u00fcnschtes Verhalten). Auf diese Weise trainierte Hunde &#8222;juckt&#8220; nun der Radfahrer, die Joggerin, der Motorrad-Fahrer sehr viele Hunde nicht mehr und sie k\u00f6nnen mittlerweile recht nah auf gelassene Weise an Radfahrern etc. vorbeilaufen. Hier nun der Link zu dem wunderaren Text:<\/span><\/p>\n<p><a href=\"http:\/\/www.chico-rockt.de\/2017\/09\/click-fuer-nix-warum-fruehzeitiges-belohnen-so-wichtig-ist\/\" target=\"_blank\" rel=\"noopener\">http:\/\/www.chico-rockt.de\/2017\/09\/click-fuer-nix-warum-fruehzeitiges-belohnen-so-wichtig-ist\/<\/a><\/p>\n<p>b) Neben dem Text, den wir in unserer Rubrik &#8222;Infos&#8220; zum Thema &#8222;Pausen-\/Entspannungssignal&#8220; geschrieben haben (<a href=\"https:\/\/hundeschule-teamwork.com\/angebote\/info\/mehr-wissen-ueber-hunde\/pausen-entspannungssignal\/\" target=\"_blank\" rel=\"noopener\">https:\/\/hundeschule-teamwork.com\/angebote\/info\/mehr-wissen-ueber-hunde\/pausen-entspannungssignal\/,<\/a><\/p>\n<p>empfehlen wir auch den Blog-Artikel von Ulrike Seumel zu dem Thema&nbsp; &#8222;Konditionierte Entspannung im Hundetraining&#8220; :<\/p>\n<p>https:\/\/ulrikeseumel.de\/konditionierte-entspannung-im-hundetraining\/<\/p>\n<p>Ulrike Seumel hat auch sehr empfehlenswerte Artikel \u00fcber Impulskontrolle beim Hund und Training der Impulskontrolle geschrieben:<\/p>\n<p>https:\/\/ulrikeseumel.de\/impulskontrolle-beim-hund\/<\/p>\n<p>https:\/\/ulrikeseumel.de\/so-kannst-du-bei-deinem-hund-impulskontrolle-aufbauen\/<\/p>\n<p>Hilfreiche Infos zur Arbeit \u00fcber positive Verst\u00e4rkung mit Leckerlis:<\/p>\n<p><a href=\"https:\/\/www.denktier.at\/hilfe-mein-hund-frisst-alles-vom-boden-geht-da-leckerli-suche\" target=\"_blank\" rel=\"noopener\">https:\/\/www.denktier.at\/hilfe-mein-hund-frisst-alles-vom-boden-geht-da-leckerli-suche<\/a><\/p>\n<p><a href=\"http:\/\/markertraining.de\/in-der-ruhe-liegt-die-kraft\/\" target=\"_blank\" rel=\"noopener\">http:\/\/markertraining.de\/in-der-ruhe-liegt-die-kraft\/<\/a><\/p>\n<p>https:\/\/vitacanis.net\/leckerlis-ja-oder-nein\/<\/p>\n<p><a href=\"https:\/\/www.rundherum-hund.de\/blog\/53-das-leckerli-des-todes-sechs-irrtuemer-ueber-leckerchen\" target=\"_blank\" rel=\"noopener\">https:\/\/www.rundherum-hund.de\/blog\/53-das-leckerli-des-todes-sechs-irrtuemer-ueber-leckerchen<\/a><\/p>","protected":false},"excerpt":{"rendered":"<p>www.spass-mit-hund.de http:\/\/www.spass-mit-hund.de\/mehr-wissen\/ www.tierarztpraxis-hense.de www.laserdogs.de www.cairn-energie.de www.clickntrick.de &nbsp; &nbsp; www.klartexthund.blogspot.de www.tiergestuetzte-therapie.de Online Hundeschule | Dog It Right http:\/\/www.ulrikeseumel.de\/blog\/ www.maxis-farm.de http:\/\/bampelinchen-fashion.beepworld.de\/ http:\/\/www.gulahund.de\/ https:\/\/maulkorb-drauf.jimdo.com\/ http:\/\/www.tantepuh.de\/ http:\/\/www.web-design-homepage.de\/webdesign\/about\/ www.homepage-hund\/blog\/ Wir www.ernl.de Jack tr\u00e4gt begeistert die Tasche von Ernl. Wer Interesse hat, dies mit seinem Hund &hellip; <a href=\"https:\/\/hundeschule-teamwork.com\/angebote\/dies-das\/empfehlungen-von-interessanten-seiten-zum-thema-hund\/\">Weiterlesen <span class=\"meta-nav\">&rarr;<\/span><\/a><\/p>\n","protected":false},"author":1,"featured_media":0,"parent":33,"menu_order":0,"comment_status":"closed","ping_status":"closed","template":"","meta":{"ngg_post_thumbnail":0,"footnotes":""},"class_list":["post-45","page","type-page","status-publish","hentry"],"_links":{"self":[{"href":"https:\/\/hundeschule-teamwork.com\/angebote\/wp-json\/wp\/v2\/pages\/45","targetHints":{"allow":["GET"]}}],"collection":[{"href":"https:\/\/hundeschule-teamwork.com\/angebote\/wp-json\/wp\/v2\/pages"}],"about":[{"href":"https:\/\/hundeschule-teamwork.com\/angebote\/wp-json\/wp\/v2\/types\/page"}],"author":[{"embeddable":true,"href":"https:\/\/hundeschule-teamwork.com\/angebote\/wp-json\/wp\/v2\/users\/1"}],"replies":[{"embeddable":true,"href":"https:\/\/hundeschule-teamwork.com\/angebote\/wp-json\/wp\/v2\/comments?post=45"}],"version-history":[{"count":21,"href":"https:\/\/hundeschule-teamwork.com\/angebote\/wp-json\/wp\/v2\/pages\/45\/revisions"}],"predecessor-version":[{"id":3859,"href":"https:\/\/hundeschule-teamwork.com\/angebote\/wp-json\/wp\/v2\/pages\/45\/revisions\/3859"}],"up":[{"embeddable":true,"href":"https:\/\/hundeschule-teamwork.com\/angebote\/wp-json\/wp\/v2\/pages\/33"}],"wp:attachment":[{"href":"https:\/\/hundeschule-teamwork.com\/angebote\/wp-json\/wp\/v2\/media?parent=45"}],"curies":[{"name":"wp","href":"https:\/\/api.w.org\/{rel}","templated":true}]}}