{"id":5,"date":"2014-01-06T10:46:42","date_gmt":"2014-01-06T08:46:42","guid":{"rendered":"http:\/\/hundeschule-teamwork.com\/angebote\/?page_id=5"},"modified":"2024-12-08T22:19:00","modified_gmt":"2024-12-08T20:19:00","slug":"hundeschule","status":"publish","type":"page","link":"https:\/\/hundeschule-teamwork.com\/angebote\/","title":{"rendered":"HOME"},"content":{"rendered":"<h2 style=\"text-align: center;\"><span class=\"hundeschule\" style=\"color: #0000ff;\">Herzlich Willkommen<\/span><\/h2>\n<h2 style=\"text-align: center;\"><span class=\"hundeschule\" style=\"color: #0000ff;\">auf der Website der Hundeschule Teamwork<br \/>\n<\/span><\/h2>\n<p style=\"text-align: center;\"><span style=\"color: #000080;\">Zertifiziert nach \u00a7 11 des Tierschutzgesesetzes durch das Veterin\u00e4ramt Marburg-Biedenkopf<\/span><\/p>\n<p style=\"text-align: center;\"><span style=\"color: #ff0000;\">&nbsp;&nbsp;&nbsp;&nbsp;&nbsp;&nbsp;&nbsp;&nbsp;&nbsp;&nbsp; <span style=\"color: #000080;\">Wir hei\u00dfen Sie, Ihre Familie und Ihren Hund \/ Ihre Hunde herzlich willkommen <\/span><\/span><\/p>\n<p style=\"text-align: center;\"><span style=\"color: #ff0000;\"><span style=\"color: #000080;\">in unserer Hundeschule Teamwork Stadtallendorf und Umgebung.<\/span><\/span><\/p>\n<p><span style=\"color: #000080;\">Unsere Trainings k\u00f6nnen auf unserem komplett eingez\u00e4unten Trainingsgel\u00e4nde Wald Stadtallendorf stattfinden, in unserem Seminarraum in Stadtallendorf, an verschiedenen Orten in Spaziergehgebieten, im Park oder in der Stadt oder bei Ihnen zu Hause. <\/span><\/p>\n<p><span style=\"color: #000080;\">Vom Hunde-Welpen bis zum Hunde-Senior sind wir die kompetenten Anpsrechpartner f\u00fcr Mensch-Hund-Teamtraining.<br \/>\n<\/span><\/p>\n<p><span style=\"color: #000080;\">Desweiteren bilden wir Mensch-Hund-Teams f\u00fcr p\u00e4dagogische, therapeutische und soziale Praxisfelder aus und kommen auf Wunsch mit unseren Hunden in Ihre soziale Einrichtung.<\/span><\/p>\n<p><span style=\"color: #000080;\">Melden Sie sich herzlicher gern: 0170\/4350394, Ihre Anke Rochelt<\/span><\/p>\n<p><span style=\"color: #000080;\">Folgen Sie uns herzlich gern bei Facebook:<\/span><\/p>\n<p><a href=\"https:\/\/www.facebook.com\/hundeschuleteamwork.ankerochelt\" target=\"_blank\" rel=\"noopener\">https:\/\/www.facebook.com\/hundeschuleteamwork.ankerochelt<\/a><\/p>\n<p><span style=\"color: #000080;\">Bei Instagram:<\/span><\/p>\n<p><a href=\"https:\/\/www.instagram.com\/hundeschuleteamworkankerochelt\/\" target=\"_blank\" rel=\"noopener\">https:\/\/www.instagram.com\/hundeschuleteamworkankerochelt\/<\/a><\/p>\n<p><span style=\"color: #000080;\">Bei Telegram:<\/span><\/p>\n<p><a href=\"https:\/\/t.me\/hundeschuleteamwork\" target=\"_blank\" rel=\"noopener\">https:\/\/t.me\/hundeschuleteamwork<\/a><\/p>\n<p>&nbsp;<\/p>\n<p>&nbsp;<\/p>\n<div align=\"center\">\n<h4><span style=\"color: #d60000;\">&nbsp;<\/span><\/h4>\n<p><a href=\"https:\/\/hundeschule-teamwork.com\/angebote\/wp-content\/uploads\/2014\/01\/12272603_1232569583436143_1534447498_n-1.jpg\"><img loading=\"lazy\" decoding=\"async\" class=\" size-full wp-image-1237 aligncenter\" src=\"https:\/\/hundeschule-teamwork.com\/angebote\/wp-content\/uploads\/2014\/01\/12272603_1232569583436143_1534447498_n-1.jpg\" alt=\"12272603_1232569583436143_1534447498_n-1\" width=\"448\" height=\"252\" srcset=\"https:\/\/hundeschule-teamwork.com\/angebote\/wp-content\/uploads\/2014\/01\/12272603_1232569583436143_1534447498_n-1.jpg 448w, https:\/\/hundeschule-teamwork.com\/angebote\/wp-content\/uploads\/2014\/01\/12272603_1232569583436143_1534447498_n-1-320x180.jpg 320w\" sizes=\"auto, (max-width: 448px) 100vw, 448px\" \/><\/a><\/p>\n<p><br style=\"color: #000080;\"\/><span style=\"color: #000080;\"><br \/>\n<\/span><br \/>\n<a href=\"https:\/\/hundeschule-teamwork.com\/angebote\/wp-content\/uploads\/2014\/01\/Hund_2.jpg\"><img loading=\"lazy\" decoding=\"async\" class=\"alignnone size-full wp-image-63\" src=\"https:\/\/hundeschule-teamwork.com\/angebote\/wp-content\/uploads\/2014\/01\/Hund_2.jpg\" alt=\"Die HundetrainerInnen der Hundeschule Teamwork mit ihren Hunden und einigen Familienmitgliedern\" width=\"448\" height=\"261\" srcset=\"https:\/\/hundeschule-teamwork.com\/angebote\/wp-content\/uploads\/2014\/01\/Hund_2.jpg 448w, https:\/\/hundeschule-teamwork.com\/angebote\/wp-content\/uploads\/2014\/01\/Hund_2-320x186.jpg 320w\" sizes=\"auto, (max-width: 448px) 100vw, 448px\" \/><\/a><\/p>\n<p><span style=\"color: #0000ff;\">Mit Freude dabei &#8211; Hundeschule Teamwork mit einigen Mitwirkenden und Familienmitgliedern<\/span><\/p>\n<p><a href=\"https:\/\/hundeschule-teamwork.com\/angebote\/wp-content\/uploads\/2014\/01\/Hund_Katze.jpg\"><img loading=\"lazy\" decoding=\"async\" src=\"https:\/\/hundeschule-teamwork.com\/angebote\/wp-content\/uploads\/2014\/01\/Hund_Katze.jpg\" alt=\"Hund Katze\" width=\"526\" height=\"394\"\/><\/a><\/p>\n<p><strong><span style=\"color: #0000ff;\">Liebevolle Kommunikation zwischen den Arten&#8230;<\/span><\/strong><\/p>\n<p>gef\u00f6rdert und einge\u00fcbt auf gewaltfreie Art durch wissenschaftlich fundierte Methoden<\/p>\n<p>auf der Basis positiver Verst\u00e4rkung und durchdachter, vorausschauender Situationsgestaltung&#8230;.<\/p>\n<h1><span style=\"color: #0000ff;\">HUNDESCHULE TEAMWORK<\/span><\/h1>\n<p><strong><span style=\"color: #0000ff;\">Tiergest\u00fctzte P\u00e4dagogik &amp; Therapie&nbsp;&nbsp; *Training * Eins\u00e4tze * Weiterbildungen<\/span><\/strong><\/p>\n<p><span style=\"color: #0000ff;\">*******<\/span><\/p>\n<p><span style=\"color: #0000ff;\"><em>Letzte Aktualisierungen: 08.12.2024<br \/>\n<\/em><\/span><\/p>\n<p><strong><span style=\"color: #e00000;\">Terminvereinbarungen:<\/span><\/strong><\/p>\n<p><span style=\"color: #e00000;\">f\u00fcr Welpen-Paket, Junghund-Paket, Mensch-Hund-Teamkurs,&nbsp; Einzeltraining, tiergest\u00fctzte P\u00e4dagogik, Kinder-\/Jugendliche-Hund-Gruppe, Mantrailing, Social Walk, Apportieren, Der Hund als Haushaltshilfe, facettenreiche Nasenarbeit, Longierzirkeltraining , Tricktraining<\/span><\/p>\n<p><span style=\"color: #e00000;\">bitte <a title=\"Termine Anke\" href=\"https:\/\/hundeschule-teamwork.com\/angebote\/termine\/termine-anke\/\">bei Anke anmelden<\/a><\/span><\/p>\n<p>&nbsp;<\/p>\n<p><a href=\"https:\/\/hundeschule-teamwork.com\/angebote\/wp-content\/uploads\/2014\/01\/Hund_3.jpg\"><img loading=\"lazy\" decoding=\"async\" class=\"alignnone size-full wp-image-60\" src=\"https:\/\/hundeschule-teamwork.com\/angebote\/wp-content\/uploads\/2014\/01\/Hund_3.jpg\" alt=\"Hund Nicki und Kater Leo\" width=\"370\" height=\"336\" srcset=\"https:\/\/hundeschule-teamwork.com\/angebote\/wp-content\/uploads\/2014\/01\/Hund_3.jpg 370w, https:\/\/hundeschule-teamwork.com\/angebote\/wp-content\/uploads\/2014\/01\/Hund_3-320x290.jpg 320w\" sizes=\"auto, (max-width: 370px) 100vw, 370px\" \/><\/a><\/p>\n<\/div>","protected":false},"excerpt":{"rendered":"<p>Herzlich Willkommen auf der Website der Hundeschule Teamwork Zertifiziert nach \u00a7 11 des Tierschutzgesesetzes durch das Veterin\u00e4ramt Marburg-Biedenkopf &nbsp;&nbsp;&nbsp;&nbsp;&nbsp;&nbsp;&nbsp;&nbsp;&nbsp;&nbsp; Wir hei\u00dfen Sie, Ihre Familie und Ihren Hund \/ Ihre Hunde herzlich willkommen in unserer Hundeschule Teamwork Stadtallendorf und Umgebung. Unsere &hellip; <a href=\"https:\/\/hundeschule-teamwork.com\/angebote\/\">Weiterlesen <span class=\"meta-nav\">&rarr;<\/span><\/a><\/p>\n","protected":false},"author":1,"featured_media":0,"parent":0,"menu_order":0,"comment_status":"closed","ping_status":"closed","template":"","meta":{"ngg_post_thumbnail":0,"footnotes":""},"class_list":["post-5","page","type-page","status-publish","hentry"],"_links":{"self":[{"href":"https:\/\/hundeschule-teamwork.com\/angebote\/wp-json\/wp\/v2\/pages\/5","targetHints":{"allow":["GET"]}}],"collection":[{"href":"https:\/\/hundeschule-teamwork.com\/angebote\/wp-json\/wp\/v2\/pages"}],"about":[{"href":"https:\/\/hundeschule-teamwork.com\/angebote\/wp-json\/wp\/v2\/types\/page"}],"author":[{"embeddable":true,"href":"https:\/\/hundeschule-teamwork.com\/angebote\/wp-json\/wp\/v2\/users\/1"}],"replies":[{"embeddable":true,"href":"https:\/\/hundeschule-teamwork.com\/angebote\/wp-json\/wp\/v2\/comments?post=5"}],"version-history":[{"count":230,"href":"https:\/\/hundeschule-teamwork.com\/angebote\/wp-json\/wp\/v2\/pages\/5\/revisions"}],"predecessor-version":[{"id":5055,"href":"https:\/\/hundeschule-teamwork.com\/angebote\/wp-json\/wp\/v2\/pages\/5\/revisions\/5055"}],"wp:attachment":[{"href":"https:\/\/hundeschule-teamwork.com\/angebote\/wp-json\/wp\/v2\/media?parent=5"}],"curies":[{"name":"wp","href":"https:\/\/api.w.org\/{rel}","templated":true}]}}