{"id":604,"date":"2016-03-22T15:53:53","date_gmt":"2016-03-22T13:53:53","guid":{"rendered":"http:\/\/hundeschule-teamwork.com\/angebote\/?page_id=604"},"modified":"2016-03-22T15:53:53","modified_gmt":"2016-03-22T13:53:53","slug":"impressionen-aus-hundeschule-sowie-tiergestuetzter-paedagogik-von-sommer-und-frueh-herbst-2014","status":"publish","type":"page","link":"https:\/\/hundeschule-teamwork.com\/angebote\/impressionen-aus-hundeschule-sowie-tiergestuetzter-paedagogik-von-sommer-und-frueh-herbst-2014\/","title":{"rendered":"Impressionen aus Hundeschule sowie tiergest\u00fctzter P\u00e4dagogik von Sommer und (Fr\u00fch-) Herbst 2014"},"content":{"rendered":"<p>[Not a valid template]<\/p>","protected":false},"excerpt":{"rendered":"<p>[Not a valid template]<\/p>\n","protected":false},"author":1,"featured_media":0,"parent":0,"menu_order":0,"comment_status":"closed","ping_status":"closed","template":"fullwidth-page.php","meta":{"ngg_post_thumbnail":0,"footnotes":""},"class_list":["post-604","page","type-page","status-publish","hentry"],"_links":{"self":[{"href":"https:\/\/hundeschule-teamwork.com\/angebote\/wp-json\/wp\/v2\/pages\/604","targetHints":{"allow":["GET"]}}],"collection":[{"href":"https:\/\/hundeschule-teamwork.com\/angebote\/wp-json\/wp\/v2\/pages"}],"about":[{"href":"https:\/\/hundeschule-teamwork.com\/angebote\/wp-json\/wp\/v2\/types\/page"}],"author":[{"embeddable":true,"href":"https:\/\/hundeschule-teamwork.com\/angebote\/wp-json\/wp\/v2\/users\/1"}],"replies":[{"embeddable":true,"href":"https:\/\/hundeschule-teamwork.com\/angebote\/wp-json\/wp\/v2\/comments?post=604"}],"version-history":[{"count":6,"href":"https:\/\/hundeschule-teamwork.com\/angebote\/wp-json\/wp\/v2\/pages\/604\/revisions"}],"predecessor-version":[{"id":1370,"href":"https:\/\/hundeschule-teamwork.com\/angebote\/wp-json\/wp\/v2\/pages\/604\/revisions\/1370"}],"wp:attachment":[{"href":"https:\/\/hundeschule-teamwork.com\/angebote\/wp-json\/wp\/v2\/media?parent=604"}],"curies":[{"name":"wp","href":"https:\/\/api.w.org\/{rel}","templated":true}]}}